{"id":1409,"date":"2019-09-24T19:13:52","date_gmt":"2019-09-24T17:13:52","guid":{"rendered":"https:\/\/lecercleetlecarre.fr\/?page_id=1409"},"modified":"2024-11-07T21:01:38","modified_gmt":"2024-11-07T20:01:38","slug":"humour","status":"publish","type":"page","link":"https:\/\/lecercleetlecarre.fr\/index.php\/humour\/","title":{"rendered":"Humour&#8230;"},"content":{"rendered":"\n<p class=\"has-background\" style=\"background-color:#e2b5fb\">&#8220;<em><strong>Le bonheur va vers ceux qui savent rire<\/strong><\/em>&#8221; dit le proverbe asiatique.<\/p>\n\n\n<div class=\"wp-block-image is-resized\">\n<figure class=\"aligncenter\"><img loading=\"lazy\" decoding=\"async\" width=\"870\" height=\"490\" src=\"https:\/\/lecercleetlecarre.fr\/wp-content\/uploads\/2019\/09\/Make-\u2018Em-Laugh-Infusing-Content-Marketing-With-Humour.jpg\" alt=\"\" class=\"wp-image-1416\" srcset=\"https:\/\/lecercleetlecarre.fr\/wp-content\/uploads\/2019\/09\/Make-\u2018Em-Laugh-Infusing-Content-Marketing-With-Humour.jpg 870w, https:\/\/lecercleetlecarre.fr\/wp-content\/uploads\/2019\/09\/Make-\u2018Em-Laugh-Infusing-Content-Marketing-With-Humour-300x169.jpg 300w, https:\/\/lecercleetlecarre.fr\/wp-content\/uploads\/2019\/09\/Make-\u2018Em-Laugh-Infusing-Content-Marketing-With-Humour-768x433.jpg 768w, https:\/\/lecercleetlecarre.fr\/wp-content\/uploads\/2019\/09\/Make-\u2018Em-Laugh-Infusing-Content-Marketing-With-Humour-676x381.jpg 676w\" sizes=\"auto, (max-width: 870px) 100vw, 870px\" \/><\/figure>\n<\/div>\n\n\n<p><\/p>\n\n\n\n<p>Le rire, son du C\u0153ur allant de pair avec la joie, montre que <strong>le C\u0153ur est ouvert et dispos\u00e9 \u00e0 accueillir ce qui est diff\u00e9rent de lui<\/strong>&#8230; ce qui ne sera pas le cas du dogmatique ou du fanatique, dont l&#8217;Ego bien trop &#8220;s\u00e9rieux&#8221;, \u00e9troit et fier, p\u00e9tri d&#8217;orgueil et de vanit\u00e9, ne saurait tol\u00e9rer quoi que ce soit qui pourrait (m\u00eame de loin) le remettre en cause&#8230; et donc lui permettre d&#8217;<strong>apprendre et d&#8217;\u00e9voluer spirituellement<\/strong>.<\/p>\n\n\n<div class=\"wp-block-image is-resized\">\n<figure class=\"aligncenter\"><img loading=\"lazy\" decoding=\"async\" width=\"640\" height=\"686\" src=\"https:\/\/lecercleetlecarre.fr\/wp-content\/uploads\/2019\/09\/Chien-du-voisin.jpg\" alt=\"\" class=\"wp-image-1414\" style=\"width:414px;height:auto\" srcset=\"https:\/\/lecercleetlecarre.fr\/wp-content\/uploads\/2019\/09\/Chien-du-voisin.jpg 640w, https:\/\/lecercleetlecarre.fr\/wp-content\/uploads\/2019\/09\/Chien-du-voisin-280x300.jpg 280w\" sizes=\"auto, (max-width: 640px) 100vw, 640px\" \/><\/figure>\n<\/div>\n\n\n<p><\/p>\n\n\n\n<p><strong>L&#8217;humour permet une prise de recul<\/strong> et comme le dit un autre proverbe : &#8220;<em><strong>heureux ceux qui savent rire d&#8217;eux-m\u00eames&#8230; car il n&#8217;ont pas fini de s&#8217;amuser<\/strong><\/em>&#8221; ! Rions donc ensemble en savourant les travers ne nos milieux respectifs (qu&#8217;il s&#8217;agisse de l&#8217;\u00e9nerg\u00e9tique, des arts martiaux, de la spiritualit\u00e9, etc.)&#8230; et <strong>en v\u00e9rifiant bien, pour nous-m\u00eames, que nous ne tombons justement pas dans de tels travers !<\/strong> Il n&#8217;y a, en effet, rien de plus emb\u00eatant qu&#8217;un truc relativement faux, mais avec pourtant du vrai dedans : si l&#8217;on est paresseux ou endormi, que l&#8217;on n&#8217;exerce pas son <strong>esprit critique de fa\u00e7on pr\u00e9sente et attentive<\/strong>, il est <strong>facile de gober bien des choses<\/strong>, m\u00eame pour des gens forts instruits par ailleurs&#8230;<\/p>\n\n\n<div class=\"wp-block-image\">\n<figure class=\"aligncenter size-large\"><img loading=\"lazy\" decoding=\"async\" width=\"990\" height=\"540\" src=\"https:\/\/lecercleetlecarre.fr\/wp-content\/uploads\/2020\/04\/Miroirs-de-lu2019Ego-990x540-1.jpg\" alt=\"\" class=\"wp-image-1975\" srcset=\"https:\/\/lecercleetlecarre.fr\/wp-content\/uploads\/2020\/04\/Miroirs-de-lu2019Ego-990x540-1.jpg 990w, https:\/\/lecercleetlecarre.fr\/wp-content\/uploads\/2020\/04\/Miroirs-de-lu2019Ego-990x540-1-300x164.jpg 300w, https:\/\/lecercleetlecarre.fr\/wp-content\/uploads\/2020\/04\/Miroirs-de-lu2019Ego-990x540-1-768x419.jpg 768w, https:\/\/lecercleetlecarre.fr\/wp-content\/uploads\/2020\/04\/Miroirs-de-lu2019Ego-990x540-1-676x369.jpg 676w\" sizes=\"auto, (max-width: 990px) 100vw, 990px\" \/><figcaption class=\"wp-element-caption\"><span style=\"text-decoration: underline;\">Cr\u00e9dit image :<\/span> terrenouvelle.ca\/wp-content\/uploads\/2013\/02\/Miroirs-de-l%E2%80%99Ego-990&#215;540.jpg<\/figcaption><\/figure>\n<\/div>\n\n\n<p>Nous vous proposons de nous divertir et de nous r\u00e9fl\u00e9chir ensemble, de fa\u00e7on <strong><em>\u00c9nerg\u00e9tique<\/em><\/strong> et <strong><em>Spirituelle<\/em><\/strong>. <strong>Saurez-vous vous regarder droit dans les yeux dans ces miroirs tendus ?<\/strong> Ils ne sont d&#8217;ailleurs pas toujours l\u00e0 o\u00f9 on le pense, alors r\u00e9fl\u00e9chissez bien. Agir&#8230; M\u00e9diter&#8230;<\/p>\n\n\n\n<p><\/p>\n\n\n\n<h2 class=\"wp-block-heading\">De merveilleux outils d&#8217;\u00e9volution&#8230;<\/h2>\n\n\n\n<ul class=\"wp-block-list\">\n<li><strong><span style=\"text-decoration: underline;\">LA BOX :<\/span><\/strong> o\u00f9 l&#8217;on vous pr\u00e9sente (merci Francis) un &#8220;<em>outil r\u00e9volutionnaire que j\u2019ai mis au point, pour <strong>accompagner l\u2019humanit\u00e9 dans le d\u00e9ploiement de son plein potentiel<\/strong><\/em>&#8221;  <\/li>\n<\/ul>\n\n\n\n<p>Acheter la BOX !!! La BOX est <strong><em>pour vous <\/em><\/strong>si :<br>\u2013 Vous \u00eates pr\u00eat \u00e0 prendre votre vie en main !<br>\u2013 Vous vous sentez bloqu\u00e9 mais au fond, vous savez qu\u2019un destin                                                      grandiose vous attend !<br>\u2013 Vous \u00eates pr\u00eat \u00e0 investir sur vous, pour recevoir en retour au-del\u00e0 de vos esp\u00e9rances !<br>\u2013 Vous avez toujours su que vous \u00e9tiez quelqu\u2019un de sp\u00e9cial et d\u2019unique !<br>\u2013 Vous n\u2019avez pas peur de vous challenger !<br>\u2013 L\u2019honn\u00eatet\u00e9, la justice et l\u2019altruisme sont au c\u0153ur de votre vie !<\/p>\n\n\n\n<figure class=\"wp-block-embed is-type-video is-provider-youtube wp-block-embed-youtube wp-embed-aspect-4-3 wp-has-aspect-ratio\"><div class=\"wp-block-embed__wrapper\">\n<iframe loading=\"lazy\" title=\"La box des chakras\" width=\"676\" height=\"507\" src=\"https:\/\/www.youtube.com\/embed\/2q_MfBrT9Kw?feature=oembed\" frameborder=\"0\" allow=\"accelerometer; autoplay; clipboard-write; encrypted-media; gyroscope; picture-in-picture; web-share\" referrerpolicy=\"strict-origin-when-cross-origin\" allowfullscreen><\/iframe>\n<\/div><\/figure>\n\n\n\n<p><\/p>\n\n\n\n<p class=\"has-text-align-center\">N\u2019attendez plus !<br>Rayonnez !<br>Illuminez l\u2019humanit\u00e9 gr\u00e2ce \u00e0 votre lumi\u00e8re r\u00e9v\u00e9l\u00e9e !<\/p>\n\n\n\n<figure class=\"wp-block-image\"><img loading=\"lazy\" decoding=\"async\" width=\"1024\" height=\"518\" src=\"https:\/\/lecercleetlecarre.fr\/wp-content\/uploads\/2019\/09\/Elephants-1024x518.jpg\" alt=\"\" class=\"wp-image-1418\" srcset=\"https:\/\/lecercleetlecarre.fr\/wp-content\/uploads\/2019\/09\/Elephants-1024x518.jpg 1024w, https:\/\/lecercleetlecarre.fr\/wp-content\/uploads\/2019\/09\/Elephants-300x152.jpg 300w, https:\/\/lecercleetlecarre.fr\/wp-content\/uploads\/2019\/09\/Elephants-768x389.jpg 768w, https:\/\/lecercleetlecarre.fr\/wp-content\/uploads\/2019\/09\/Elephants-676x342.jpg 676w, https:\/\/lecercleetlecarre.fr\/wp-content\/uploads\/2019\/09\/Elephants.jpg 1857w\" sizes=\"auto, (max-width: 1024px) 100vw, 1024px\" \/><\/figure>\n\n\n\n<p class=\"has-text-color\" style=\"color:#fdfdfd\"><a href=\"https:\/\/www.youtube.com\/watch?v=Mgj9hGNGpRg&amp;feature=youtu.be&amp;t=566\" target=\"_blank\" rel=\"noreferrer noopener\">https:\/\/www.youtube.com\/watch?v=Mgj9hGNGpRg&amp;feature=youtu.be&amp;t=566<\/a><\/p>\n\n\n\n<p><\/p>\n\n\n\n<ul class=\"wp-block-list\">\n<li><strong><span style=\"text-decoration: underline;\">MAGGI(E) :<\/span><\/strong> <em>comme <strong>de l&#8217;instantan\u00e9<\/strong><\/em>, mais pas tout \u00e0 fait&#8230;<\/li>\n<\/ul>\n\n\n<div class=\"wp-block-image\">\n<figure class=\"aligncenter size-large\"><img loading=\"lazy\" decoding=\"async\" width=\"651\" height=\"386\" src=\"https:\/\/lecercleetlecarre.fr\/wp-content\/uploads\/2020\/02\/maggi15.jpg\" alt=\"\" class=\"wp-image-1947\" srcset=\"https:\/\/lecercleetlecarre.fr\/wp-content\/uploads\/2020\/02\/maggi15.jpg 651w, https:\/\/lecercleetlecarre.fr\/wp-content\/uploads\/2020\/02\/maggi15-300x178.jpg 300w\" sizes=\"auto, (max-width: 651px) 100vw, 651px\" \/><figcaption class=\"wp-element-caption\">  Un carr\u00e9 se cache&#8230; saurez-vous le retrouver sans \u00eatre hypnotis\u00e9 par le cercle (\u00e0 gauche) ou l&#8217;absence de cercle (\u00e0 droite) ?<\/figcaption><\/figure>\n<\/div>\n\n\n<p>Il est s\u00fbr qu&#8217;il faut savoir garder la forme&#8230; mais la forme de quoi ? <strong><em>La r\u00e9ponse<\/em><\/strong> sur :<\/p>\n\n\n\n<figure class=\"wp-block-embed is-type-video is-provider-youtube wp-block-embed-youtube wp-embed-aspect-4-3 wp-has-aspect-ratio\"><div class=\"wp-block-embed__wrapper\">\n<iframe loading=\"lazy\" title=\"Beatiful Thai Girl...\" width=\"676\" height=\"507\" src=\"https:\/\/www.youtube.com\/embed\/NPMujNQLZBM?feature=oembed\" frameborder=\"0\" allow=\"accelerometer; autoplay; clipboard-write; encrypted-media; gyroscope; picture-in-picture; web-share\" referrerpolicy=\"strict-origin-when-cross-origin\" allowfullscreen><\/iframe>\n<\/div><\/figure>\n\n\n\n<p><\/p>\n\n\n\n<ul class=\"wp-block-list\">\n<li><strong><span style=\"text-decoration: underline;\">LA BO\u00ceTE MAG(G)IQUE :<\/span><\/strong> o\u00f9 l&#8217;on d\u00e9couvre <strong><em>les vertus inspirantes du nom de notre association<\/em><\/strong>, reprise sans (c) et sans que l&#8217;on nous ait dit quoi que soit, afin de promouvoir des produits &#8220;maggiques&#8221; !<\/li>\n<\/ul>\n\n\n\n<p class=\"has-text-align-center\"><a rel=\"noreferrer noopener\" href=\"https:\/\/www.boutique-magic-effect.com\/produit\/le-cercle-et-le-carre-version-mini\/\" target=\"_blank\">https:\/\/www.boutique-magic-effect.com\/produit\/le-cercle-et-le-carre-version-mini\/<\/a><\/p>\n\n\n\n<p>Moi je dis, \u00e7a vend du r\u00eave, Kevin. Avec \u00e7a tu vas mettre des paillettes dans ta vie. Et si les paillettes n&#8217;\u00e9tait qu&#8217;apparence et prestidigitation ?<\/p>\n\n\n<div class=\"wp-block-image is-resized\">\n<figure class=\"aligncenter size-large\"><img loading=\"lazy\" decoding=\"async\" width=\"500\" height=\"500\" src=\"https:\/\/lecercleetlecarre.fr\/wp-content\/uploads\/2020\/04\/Le-cercle-et-le-carr\u00e9-Version-mini-Maggi.jpg\" alt=\"\" class=\"wp-image-1974\" style=\"width:180px;height:auto\" srcset=\"https:\/\/lecercleetlecarre.fr\/wp-content\/uploads\/2020\/04\/Le-cercle-et-le-carr\u00e9-Version-mini-Maggi.jpg 500w, https:\/\/lecercleetlecarre.fr\/wp-content\/uploads\/2020\/04\/Le-cercle-et-le-carr\u00e9-Version-mini-Maggi-300x300.jpg 300w, https:\/\/lecercleetlecarre.fr\/wp-content\/uploads\/2020\/04\/Le-cercle-et-le-carr\u00e9-Version-mini-Maggi-150x150.jpg 150w\" sizes=\"auto, (max-width: 500px) 100vw, 500px\" \/><\/figure>\n<\/div>\n\n\n<p><\/p>\n\n\n\n<p>Vous en avez <strong>marre de la prestidigitation<\/strong> et vous voulez <strong>voir de la vraie magie<\/strong> ? Regardez cette d\u00e9monstration incroyable et son public m\u00e9dus\u00e9 :<\/p>\n\n\n\n<figure class=\"wp-block-embed is-type-video is-provider-youtube wp-block-embed-youtube wp-embed-aspect-16-9 wp-has-aspect-ratio\"><div class=\"wp-block-embed__wrapper\">\n<iframe loading=\"lazy\" title=\"JE FAIS UN TOUR DE MAGIE \u00c0 MA M\u00c8RE ( il est incroyable ) #magie #tourdemagie #magic\" width=\"676\" height=\"380\" src=\"https:\/\/www.youtube.com\/embed\/TBx0bQd6jC0?feature=oembed\" frameborder=\"0\" allow=\"accelerometer; autoplay; clipboard-write; encrypted-media; gyroscope; picture-in-picture; web-share\" referrerpolicy=\"strict-origin-when-cross-origin\" allowfullscreen><\/iframe>\n<\/div><\/figure>\n\n\n\n<p><\/p>\n\n\n\n<h2 class=\"wp-block-heading\">Des pratiques transcendantes, \u00e0 la mystique myst\u00e9rieuse&#8230;<\/h2>\n\n\n\n<ul class=\"wp-block-list\">\n<li><strong><span style=\"text-decoration: underline;\">La philosophie pratique Richenou(s) par de parfaits Inconnus :<\/span><\/strong> o\u00f9 l&#8217;on vous enseigne (merci Maxime) un pr\u00e9cepte m\u00e9diateur de la pens\u00e9e Richenou : &#8220;<em>tout bien que tu d\u00e9tiens est un souci qui te retient&#8230; et Skippy est l\u00e0 pour nous \u00f4ter tous nos soucis<\/em>&#8220;.<\/li>\n<\/ul>\n\n\n<div class=\"wp-block-image\">\n<figure class=\"aligncenter size-large is-resized\"><a href=\"https:\/\/www.youtube.com\/watch?v=k_3hIoUGbls\"><img loading=\"lazy\" decoding=\"async\" width=\"603\" height=\"347\" src=\"https:\/\/lecercleetlecarre.fr\/wp-content\/uploads\/2020\/09\/gourou3.jpg\" alt=\"\" class=\"wp-image-2478\" style=\"width:603px;height:auto\" srcset=\"https:\/\/lecercleetlecarre.fr\/wp-content\/uploads\/2020\/09\/gourou3.jpg 603w, https:\/\/lecercleetlecarre.fr\/wp-content\/uploads\/2020\/09\/gourou3-300x173.jpg 300w\" sizes=\"auto, (max-width: 603px) 100vw, 603px\" \/><\/a><figcaption class=\"wp-element-caption\"><a href=\"https:\/\/www.youtube.com\/watch?v=dOJwGl3yLMU\">https:\/\/www.youtube.com\/watch?v=dOJwGl3yLMU<\/a><\/figcaption><\/figure>\n<\/div>\n\n\n<p>&#8220;<em>On en parle de temps \u00e0 autres. Pourtant elles ne cessent de prendre de l&#8217;importance en cette fin de si\u00e8cle de troubles m\u00e9taphysiques. Qui ? Je veux parler des sectes&#8230;<\/em>&#8220;. L&#8217;\u00e9chappement de la Mati\u00e8re ram\u00e8ne in\u00e9luctablement \u00e0 la Mati\u00e8re, s&#8217;il y a attachement&#8230; &#8220;<em>L&#8217;abonnement spirituel est de 5000 F par mois<\/em>&#8221; ; la qu\u00eate spirituelle peut alors se transformer en &#8220;<em>qu\u00eate donatoire transcendantale<\/em>&#8221; : &#8220;<em>bon maintenant, alors, vous signez et vous adh\u00e9rez \u00e0 la secte ou vous vous cassez, j&#8217;ai du pain spiritique sur la planche<\/em>&#8221; (Skippy). Bien entendu, le taux de satisfaction des adeptes tourne autour de 99,62%.<\/p>\n\n\n\n<p><\/p>\n\n\n\n<ul class=\"wp-block-list\">\n<li><strong><span style=\"text-decoration: underline;\">&#8220;L&#8217;ex\u00e9cution du Jugement divin&#8221; avec Kenneth Copland :<\/span><\/strong> o\u00f9 l&#8217;on vous pr\u00e9sente (merci Colomban) une pratique incantatoire intense pour &#8220;<strong><em>lutter ensemble contre le Corona virus&#8230; avec force<\/em><\/strong>&#8220;<strong> !<\/strong><\/li>\n<\/ul>\n\n\n\n<figure class=\"wp-block-image size-large\"><a href=\"https:\/\/www.youtube.com\/watch?v=OSIrQBGfUtw\"><img loading=\"lazy\" decoding=\"async\" width=\"800\" height=\"450\" src=\"https:\/\/lecercleetlecarre.fr\/wp-content\/uploads\/2020\/09\/Kenneth-Copeland-2016-800x450-1.jpg\" alt=\"\" class=\"wp-image-2480\" srcset=\"https:\/\/lecercleetlecarre.fr\/wp-content\/uploads\/2020\/09\/Kenneth-Copeland-2016-800x450-1.jpg 800w, https:\/\/lecercleetlecarre.fr\/wp-content\/uploads\/2020\/09\/Kenneth-Copeland-2016-800x450-1-300x169.jpg 300w, https:\/\/lecercleetlecarre.fr\/wp-content\/uploads\/2020\/09\/Kenneth-Copeland-2016-800x450-1-768x432.jpg 768w, https:\/\/lecercleetlecarre.fr\/wp-content\/uploads\/2020\/09\/Kenneth-Copeland-2016-800x450-1-676x380.jpg 676w\" sizes=\"auto, (max-width: 800px) 100vw, 800px\" \/><\/a><figcaption class=\"wp-element-caption\"><a rel=\"noreferrer noopener\" href=\"https:\/\/www.youtube.com\/watch?v=OSIrQBGfUtw\" target=\"_blank\">https:\/\/www.youtube.com\/watch?v=OSIrQBGfUtw<\/a><\/figcaption><\/figure>\n\n\n\n<p>Attention ceci est une &#8220;pratique r\u00e9elle&#8221;, rappelant que &#8220;Love is War&#8221;&#8230; : &#8220;<em>In the Name of Jesus, standing in the office of the prophet of God, I execute judgment on you COVID-19. I execute judgment on you, satan, you destroyer, you killer. You get out. I break your power. You get off this nation. I demand judgment on you. I demand. I demand. &#8220;I demand a vaccination to come immediately. I call you done. I call you gone. You come down from your place of authority, destroyer. You come down and you crawl on your belly like God commanded you when He put His foot on your head in the Garden of Eden. You will destroy through COVID-19 no more. &#8216;It is finished! It is over! And the United States of America is healed and well again,&#8217; saith the mighty Spirit called Peace, who is also the Prince of War, the Lord Jesus Christ<\/em>&#8220;. Que ta volont\u00e9 soit faite, sur la Terre, comme au Ciel&#8230; mais de quelle volont\u00e9 s&#8217;agit-il ? L&#8217;essentiel est de ne pas fermer les yeux sur ce qui se passe. Amen&#8230; <\/p>\n\n\n\n<p><\/p>\n\n\n\n<ul class=\"wp-block-list\">\n<li><strong><span style=\"text-decoration: underline;\">La &#8220;m\u00e9ditation sh\u00e2&#8217;adrique&#8221; de Michel Perch\u00e9 :<\/span><\/strong> o\u00f9 l&#8217;on vous pr\u00e9sente (merci Marion) une pratique m\u00e9ditative intense pour &#8220;<strong><em>lutter ensemble contre le Corona virus, mais sans opposer de force<\/em><\/strong>&#8220;<strong> !<\/strong><\/li>\n<\/ul>\n\n\n<div class=\"wp-block-image\">\n<figure class=\"aligncenter size-large\"><a href=\"https:\/\/www.youtube.com\/watch?v=bKpZhpQeBaE\"><img loading=\"lazy\" decoding=\"async\" width=\"480\" height=\"360\" src=\"https:\/\/lecercleetlecarre.fr\/wp-content\/uploads\/2020\/09\/Michel-Perche.jpg\" alt=\"\" class=\"wp-image-2482\" srcset=\"https:\/\/lecercleetlecarre.fr\/wp-content\/uploads\/2020\/09\/Michel-Perche.jpg 480w, https:\/\/lecercleetlecarre.fr\/wp-content\/uploads\/2020\/09\/Michel-Perche-300x225.jpg 300w\" sizes=\"auto, (max-width: 480px) 100vw, 480px\" \/><\/a><figcaption class=\"wp-element-caption\"><a rel=\"noreferrer noopener\" href=\"https:\/\/www.youtube.com\/watch?v=bKpZhpQeBaE\" target=\"_blank\">https:\/\/www.youtube.com\/watch?v=bKpZhpQeBaE<\/a><\/figcaption><\/figure>\n<\/div>\n\n\n<p>&#8220;<em>Le sh&#8217;\u00e2adra associe la prise de conscience des \u00e9tats corporels \u00e0 l&#8217;autoth\u00e9rapie performative analytique. C&#8217;est une pratique Proche de la M\u00e9ditation Alternative mais plus ax\u00e9e sur la conscience de Soi et la spiritualit\u00e9 n\u00e9o-comportementaliste, elle fait appel \u00e0 des techniques respiratoires inspir\u00e9es du Ti-Kong, une des neuf voies de la sagesse bouddhique, et l&#8217;un de ses axes principaux est de cr\u00e9er une harmonie avec les champs telluriques \u00e9lectromagn\u00e9tiques<\/em>&#8220;. Vous aurez tous compris que l&#8217;on a cherch\u00e9 \u00e0 simplifier et \u00e0 aller directement \u00e0 l&#8217;essentiel&#8230; L&#8217;important en m\u00e9ditation, c&#8217;est de toujours garder le fil, qui n&#8217;est pas celui de l&#8217;Ego.<\/p>\n\n\n\n<p><\/p>\n\n\n\n<ul class=\"wp-block-list\">\n<li><strong><span style=\"text-decoration: underline;\">L&#8217;\u00e9sot\u00e9risme des d\u00e9cisions de confinements<\/span><\/strong><span style=\"text-decoration: underline;\"><strong> par l&#8217;Ex\u00e9cutif :<\/strong><\/span> o\u00f9 l&#8217;on d\u00e9taille par le menu les mesures afin d&#8217;en montrer toute la port\u00e9e et la coh\u00e9rence pour &#8220;<strong><em>lutter ensemble, mais s\u00e9par\u00e9ment, contre le Corona virus<\/em><\/strong>&#8220;<strong> !<\/strong><\/li>\n<\/ul>\n\n\n\n<figure class=\"wp-block-image size-large\"><a href=\"https:\/\/www.facebook.com\/1133637270\/videos\/10224414354603120\/\"><img loading=\"lazy\" decoding=\"async\" width=\"1024\" height=\"576\" src=\"https:\/\/lecercleetlecarre.fr\/wp-content\/uploads\/2021\/03\/castex-de-tournement_2_1200-1024x576.jpg\" alt=\"\" class=\"wp-image-2812\" srcset=\"https:\/\/lecercleetlecarre.fr\/wp-content\/uploads\/2021\/03\/castex-de-tournement_2_1200-1024x576.jpg 1024w, https:\/\/lecercleetlecarre.fr\/wp-content\/uploads\/2021\/03\/castex-de-tournement_2_1200-300x169.jpg 300w, https:\/\/lecercleetlecarre.fr\/wp-content\/uploads\/2021\/03\/castex-de-tournement_2_1200-768x432.jpg 768w, https:\/\/lecercleetlecarre.fr\/wp-content\/uploads\/2021\/03\/castex-de-tournement_2_1200-676x380.jpg 676w, https:\/\/lecercleetlecarre.fr\/wp-content\/uploads\/2021\/03\/castex-de-tournement_2_1200.jpg 1200w\" sizes=\"auto, (max-width: 1024px) 100vw, 1024px\" \/><\/a><figcaption class=\"wp-element-caption\"><a href=\"https:\/\/www.facebook.com\/1133637270\/videos\/10224414354603120\/\" target=\"_blank\" rel=\"noreferrer noopener\">https:\/\/www.facebook.com\/1133637270\/videos\/10224414354603120\/<\/a><\/figcaption><\/figure>\n\n\n\n<p>Pour comprendre r\u00e9ellement de quoi il retourne, je vous propose de cliquer sur l&#8217;image et d&#8217;entendre une version in\u00e9dite du discours du premier de nos ministres actuels. Sobre, clair et concis : tout s&#8217;\u00e9claire !<\/p>\n","protected":false},"excerpt":{"rendered":"<p>&#8220;Le bonheur va vers ceux qui savent rire&#8221; dit le proverbe asiatique. Le rire, son du C\u0153ur allant de pair avec la joie, montre que le C\u0153ur est ouvert et &hellip; <a href=\"https:\/\/lecercleetlecarre.fr\/index.php\/humour\/\" class=\"more-link\">Lire la suite de <span class=\"screen-reader-text\">Humour&#8230;<\/span><\/a><\/p>\n","protected":false},"author":3,"featured_media":1413,"parent":0,"menu_order":0,"comment_status":"closed","ping_status":"closed","template":"","meta":{"_s2mail":"yes","_EventAllDay":false,"_EventTimezone":"","_EventStartDate":"","_EventEndDate":"","_EventStartDateUTC":"","_EventEndDateUTC":"","_EventShowMap":false,"_EventShowMapLink":false,"_EventURL":"","_EventCost":"","_EventCostDescription":"","_EventCurrencySymbol":"","_EventCurrencyCode":"","_EventCurrencyPosition":"","_EventDateTimeSeparator":"","_EventTimeRangeSeparator":"","_EventOrganizerID":[],"_EventVenueID":[],"_OrganizerEmail":"","_OrganizerPhone":"","_OrganizerWebsite":"","_VenueAddress":"","_VenueCity":"","_VenueCountry":"","_VenueProvince":"","_VenueState":"","_VenueZip":"","_VenuePhone":"","_VenueURL":"","_VenueStateProvince":"","_VenueLat":"","_VenueLng":"","_VenueShowMap":false,"_VenueShowMapLink":false,"footnotes":""},"class_list":["post-1409","page","type-page","status-publish","has-post-thumbnail","hentry"],"_links":{"self":[{"href":"https:\/\/lecercleetlecarre.fr\/index.php\/wp-json\/wp\/v2\/pages\/1409","targetHints":{"allow":["GET"]}}],"collection":[{"href":"https:\/\/lecercleetlecarre.fr\/index.php\/wp-json\/wp\/v2\/pages"}],"about":[{"href":"https:\/\/lecercleetlecarre.fr\/index.php\/wp-json\/wp\/v2\/types\/page"}],"author":[{"embeddable":true,"href":"https:\/\/lecercleetlecarre.fr\/index.php\/wp-json\/wp\/v2\/users\/3"}],"replies":[{"embeddable":true,"href":"https:\/\/lecercleetlecarre.fr\/index.php\/wp-json\/wp\/v2\/comments?post=1409"}],"version-history":[{"count":60,"href":"https:\/\/lecercleetlecarre.fr\/index.php\/wp-json\/wp\/v2\/pages\/1409\/revisions"}],"predecessor-version":[{"id":4687,"href":"https:\/\/lecercleetlecarre.fr\/index.php\/wp-json\/wp\/v2\/pages\/1409\/revisions\/4687"}],"wp:featuredmedia":[{"embeddable":true,"href":"https:\/\/lecercleetlecarre.fr\/index.php\/wp-json\/wp\/v2\/media\/1413"}],"wp:attachment":[{"href":"https:\/\/lecercleetlecarre.fr\/index.php\/wp-json\/wp\/v2\/media?parent=1409"}],"curies":[{"name":"wp","href":"https:\/\/api.w.org\/{rel}","templated":true}]}}