{"id":2438,"date":"2020-09-11T02:10:41","date_gmt":"2020-09-11T00:10:41","guid":{"rendered":"https:\/\/lecercleetlecarre.fr\/?page_id=2438"},"modified":"2022-09-06T01:06:55","modified_gmt":"2022-09-05T23:06:55","slug":"que-penser-du-reiki-tibetain-et-de-son-authenticite","status":"publish","type":"page","link":"https:\/\/lecercleetlecarre.fr\/index.php\/que-penser-du-reiki-tibetain-et-de-son-authenticite\/","title":{"rendered":"Que penser du &#8220;Reiki tib\u00e9tain&#8221; et de son authenticit\u00e9 ?"},"content":{"rendered":"\n<p>La r\u00e9ponse est simple : <strong>le &#8220;Reiki tib\u00e9tain&#8221; n&#8217;a aucune authenticit\u00e9<\/strong>, ni du point de vue historique, ni m\u00eame du point de vue culturel&#8230; car il s&#8217;agit en fait d&#8217;une <strong>cr\u00e9ation am\u00e9ricaine des ann\u00e9es 1980 !<\/strong><\/p>\n\n\n\n<p>Quand on sait que <strong>plus de la moiti\u00e9 des pratiquants de <a rel=\"noreferrer noopener\" href=\"https:\/\/lecercleetlecarre.fr\/index.php\/reiki\/\" target=\"_blank\">Reiki<\/a><\/strong> <strong>dans le monde (si ce n&#8217;est les 3\/4) ont re\u00e7u des enseignements du pseudo &#8220;Reiki tib\u00e9tain&#8221;<\/strong> (notamment via les <a rel=\"noreferrer noopener\" href=\"https:\/\/lecercleetlecarre.fr\/index.php\/les-grands-courants-du-reiki-aujourdhui\/\" target=\"_blank\">courants occidentalis\u00e9s et New Age<\/a> issus des livres et s\u00e9minaires de Diane Stein et William Lee Rand), il n&#8217;est pas sans int\u00e9r\u00eat de rappeler certains \u00e9l\u00e9ments, qui permettront \u00e0 tout un chacun de <strong>statuer, d\u00e9sormais en connaissance de cause, sur l&#8217;int\u00e9r\u00eat ou non de ces pratiques<\/strong>&#8230;<\/p>\n\n\n<div class=\"wp-block-image\">\n<figure class=\"aligncenter size-large\"><img loading=\"lazy\" decoding=\"async\" width=\"251\" height=\"306\" src=\"https:\/\/lecercleetlecarre.fr\/wp-content\/uploads\/2020\/09\/gourou-secte-reiki.jpg\" alt=\"\" class=\"wp-image-2469\" srcset=\"https:\/\/lecercleetlecarre.fr\/wp-content\/uploads\/2020\/09\/gourou-secte-reiki.jpg 251w, https:\/\/lecercleetlecarre.fr\/wp-content\/uploads\/2020\/09\/gourou-secte-reiki-246x300.jpg 246w\" sizes=\"auto, (max-width: 251px) 100vw, 251px\" \/><figcaption>*accent marseillais* : &#8220;J&#8217;ai \u00e9t\u00e9 \u00e9lev\u00e9 par le grand Dala\u00ef Lama&#8230;&#8221;<\/figcaption><\/figure>\n<\/div>\n\n\n<p>\u00c9tendons-nous quelques instants sur le <strong>cas embl\u00e9matique de ce pseudo &#8220;Reiki tib\u00e9tain&#8221;<\/strong> ; il est en effet <strong>typique des affres et des d\u00e9rives commerciales et fantaisistes<\/strong> (&#8220;New Age&#8221;) qu&#8217;a pu connaitre le Reiki Usui. Il est d&#8217;ailleurs, malheureusement, \u00e0 l&#8217;origine d&#8217;un grand nombre d&#8217;autres courants r\u00e9cents, qui sont <strong>venus recouvrir et masquer le Reiki Usui originel et son essence spirituelle<\/strong>, pour les transformer apparemment en une pratique magique (\u00e9gr\u00e9gores et entit\u00e9s) ou de magn\u00e9tisme (donner son \u00e9nergie et faire des &#8220;passes&#8221;)&#8230; ce que le Reiki Usui n&#8217;est pas du tout !<\/p>\n\n\n\n<h2 class=\"wp-block-heading\">La naissance du pseudo &#8220;Reiki Tib\u00e9tain&#8221; : les \u00c9tats-Unis des ann\u00e9es 1980&#8230;<\/h2>\n\n\n\n<p>C&#8217;est ainsi que le pseudo &#8220;Reiki tib\u00e9tain&#8221; a \u00e9t\u00e9 invent\u00e9 par l&#8217;am\u00e9ricain Arthur Robertson vers 1984, \u00e0 une \u00e9poque o\u00f9 la transmission du Reiki \u00e9tait encore assez restreinte et s\u00e9lective financi\u00e8rement.<\/p>\n\n\n<div class=\"wp-block-image\">\n<figure class=\"aligncenter size-large is-resized\"><img loading=\"lazy\" decoding=\"async\" src=\"https:\/\/lecercleetlecarre.fr\/wp-content\/uploads\/2020\/09\/lineage-arthur-robertson.png\" alt=\"\" class=\"wp-image-2492\" width=\"105\" height=\"105\" srcset=\"https:\/\/lecercleetlecarre.fr\/wp-content\/uploads\/2020\/09\/lineage-arthur-robertson.png 200w, https:\/\/lecercleetlecarre.fr\/wp-content\/uploads\/2020\/09\/lineage-arthur-robertson-150x150.png 150w\" sizes=\"auto, (max-width: 105px) 100vw, 105px\" \/><figcaption>Arthur Robertson<\/figcaption><\/figure>\n<\/div>\n\n\n<p>En inventant son propre style de Reiki (<strong>Raku Kei<\/strong>), avec ses ajouts personnels, il \u00e9tait libre de faire ce qu&#8217;il voulait et c&#8217;est aussi lui qui <strong>d\u00e9mocratisera fortement le prix des initiations au Reiki<\/strong>, notamment celle du 3\u00e8me Degr\u00e9 qu&#8217;il fera passer de 10000$ \u00e0 1500$ ; ce sera d&#8217;ailleurs l\u00e0 une raison majeure de la <strong>diffusion tr\u00e8s importante du Reiki via ce &#8220;courant pseudo-ancien et bon march\u00e9&#8221;<\/strong>.<\/p>\n\n\n\n<p>Parmi les noms connus s&#8217;\u00e9tant abreuv\u00e9s largement \u00e0 la source du Raku Kei de Robertson, on citera par exemple <strong>Diane Stein<\/strong> et <strong>William Lee Rand<\/strong> (ce dernier cr\u00e9era d&#8217;ailleurs \u00e0 son tour, r\u00e9guli\u00e8rement, de nouveaux styles de Reiki, comme autant de modes \u00e0 lancer et \u00e0 exploiter)&#8230; Ils seront les <strong>deux grands diffuseurs de cette forme de &#8220;Reiki&#8221;<\/strong>, mais ne feront plus trop \u00e9talage de sa source r\u00e9elle (sans toutefois la dissimuler si l&#8217;on cherche un peu), ce qui leur permettra, \u00e0 leur tour, de faire \u00e9voluer ce qu&#8217;ils avaient re\u00e7u et d&#8217;instituer ce qui deviendra le fameux &#8220;<strong>Reiki tib\u00e9tain<\/strong>&#8220;&#8230; <strong>forg\u00e9 par 3 am\u00e9ricains, n&#8217;ayant aucune connaissance ou pratique r\u00e9elle des choses tib\u00e9taines<\/strong>. Mais pourquoi s&#8217;embarrasser de si peu, si \u00e7a se vend bien, notamment parce que les week-end d&#8217;initiations sont beaucoup moins chers ? Vous imaginez ais\u00e9ment que cet <strong>argument commercial<\/strong>, au d\u00e9triment de la v\u00e9rit\u00e9, de la qualit\u00e9 et de l&#8217;efficacit\u00e9 spirituelle n&#8217;est gu\u00e8re pour nous s\u00e9duire&#8230;<\/p>\n\n\n\n<div class=\"wp-block-group\"><div class=\"wp-block-group__inner-container is-layout-flow wp-block-group-is-layout-flow\"><div class=\"wp-block-image\">\n<figure class=\"aligncenter size-large is-resized\"><img loading=\"lazy\" decoding=\"async\" src=\"https:\/\/lecercleetlecarre.fr\/wp-content\/uploads\/2020\/09\/mdianestein11.jpg\" alt=\"\" class=\"wp-image-2495\" width=\"159\" height=\"247\" srcset=\"https:\/\/lecercleetlecarre.fr\/wp-content\/uploads\/2020\/09\/mdianestein11.jpg 551w, https:\/\/lecercleetlecarre.fr\/wp-content\/uploads\/2020\/09\/mdianestein11-194x300.jpg 194w\" sizes=\"auto, (max-width: 159px) 100vw, 159px\" \/><figcaption>Diane Stein <\/figcaption><\/figure>\n<\/div>\n\n<div class=\"wp-block-image\">\n<figure class=\"aligncenter size-large is-resized\"><img loading=\"lazy\" decoding=\"async\" src=\"https:\/\/lecercleetlecarre.fr\/wp-content\/uploads\/2020\/09\/William-Lee-Rand.jpg\" alt=\"\" class=\"wp-image-2494\" width=\"83\" height=\"100\"\/><figcaption>William Lee Rand<\/figcaption><\/figure>\n<\/div>\n\n\n<p>Cependant, comprenez bien : c&#8217;est finalement le &#8220;Reiki tib\u00e9tain&#8221; qui a sorti le Reiki Usui des pratiques discr\u00e8tes, en lui substituant un <strong>nouveau produit assez marketing et au succ\u00e8s ind\u00e9niable<\/strong>&#8230; ce qui a contribu\u00e9 \u00e0 l&#8217;envie de retrouver ce Reiki Usui originel &#8220;d&#8217;avant le Reiki Tib\u00e9tain&#8221; et m\u00eame &#8220;d&#8217;avant le Raku Kei de Robertson&#8221;, et ainsi permis de le sauver de l&#8217;oubli. C&#8217;est l\u00e0 que les lign\u00e9es deviennent importantes, tout simplement pour donner au chercheur les indices qui lui permettent de <strong>savoir o\u00f9 chercher le contenu le plus authentique<\/strong>.<\/p>\n<\/div><\/div>\n\n\n\n<h2 class=\"wp-block-heading\">Ce &#8220;Reiki Tib\u00e9tain&#8221; a-t-il le moindre rapport r\u00e9el avec le Tibet et le bouddhisme tib\u00e9tain ?<\/h2>\n\n\n\n<p>Il est manifeste que &#8220;<strong>l&#8217;exotisme tib\u00e9tain<\/strong>&#8221; (l&#8217;inconnu qui allait avec, notamment du fait de l&#8217;\u00e9loignement g\u00e9ographique et culturel) a permis \u00e0 l&#8217;\u00e9poque de <strong>faire r\u00eaver aux fantaisies les plus grandes <\/strong>en se faisant passer pour le d\u00e9positaire d&#8217;une &#8220;tradition cach\u00e9e&#8221; et inconnue du grand public ; il est s\u00fbr que Robertson \u00e9tait \u00e9videmment bien le seul \u00e0 conna\u00eetre une telle forme de Reiki, puisqu&#8217;il l&#8217;a <strong>cr\u00e9e de toute pi\u00e8ce \u00e0 partir de bribes de traditions tib\u00e9taines, assembl\u00e9es avec d&#8217;autres \u00e9l\u00e9ments<\/strong> (dont des dessins \u00e0 la Max Escher), \u00e0 la mani\u00e8re d&#8217;un Frankenstein. \u00c0 sa d\u00e9charge,<strong> il a m\u00e9lang\u00e9 ses fantaisies personnelles avec du vrai Reiki<\/strong>, qu&#8217;il a re\u00e7u d&#8217;Iris Ishikuro, l&#8217;un des 22 <a rel=\"noreferrer noopener\" href=\"https:\/\/lecercleetlecarre.fr\/index.php\/un-peu-dhistoire\/\" target=\"_blank\">&#8220;Ma\u00eetres Reiki&#8221;<\/a> form\u00e9 par Takata&#8230; et qui ignorait tout des ces aspects &#8220;tib\u00e9tains&#8221;. Quand on conna\u00eet le Reiki Usui authentique, on s&#8217;y retrouve, mais il est difficile de proc\u00e9der dans l&#8217;autre sens et de retrouver ce qui est authentique au sein de ce qui est &#8220;m\u00e9lang\u00e9&#8221;.<\/p>\n\n\n\n<p>En tout \u00e9tat de cause, les \u00e9l\u00e9ments invent\u00e9s par Robertson (notamment des symboles additionnels) <strong>n&#8217;existent qu&#8217;en &#8220;Reiki tib\u00e9tain&#8221; et pas au Tibet<\/strong> (et encore moins avec les noms pas du tout tib\u00e9tains dont ils ont \u00e9t\u00e9 affubl\u00e9s), m\u00eame si des symboles comme le DM ou le NGZ ressemblent un peu \u00e0 d&#8217;autres choses existant r\u00e9ellement au Tibet. Aucune des pratiques du &#8220;Reiki tib\u00e9tain&#8221; n&#8217;a de rapport ni avec les doctrines, ni avec les pratiques du bouddhisme tib\u00e9tain, notamment dans leurs m\u00e9ditations. Ainsi si l&#8217;on vous vend de <strong>la m\u00e9ditation tib\u00e9taine<\/strong> en Reiki, elle est sans doute tr\u00e8s bien et int\u00e9ressante pour elle-m\u00eame&#8230; mais <strong>n&#8217;a strictement rien \u00e0 voir avec le Reiki<\/strong> : il est alors plus sage de ne plus appeler la pratique correspondante Reiki, et encore moins de la faire passer pour <a rel=\"noreferrer noopener\" href=\"https:\/\/lecercleetlecarre.fr\/index.php\/reiki-trahison-ou-tradition\/\" target=\"_blank\">&#8220;traditionnelle&#8221;<\/a>&#8230; Est-ce qu&#8217;il vous viendrait \u00e0 l&#8217;id\u00e9e de rajouter des \u00e9pices tib\u00e9taines sur vos sushis et de les faire passer pour &#8220;traditionnels&#8221; ? Il faut dire que les am\u00e9ricains rajoutent bien du ketchup partout et que cette habitude s&#8217;est diffus\u00e9e, m\u00eame en France&#8230;<\/p>\n\n\n\n<h2 class=\"wp-block-heading\">Le Reiki Usui a-t-il le moindre lien avec le Tibet ?<\/h2>\n\n\n\n<p>Soyons tr\u00e8s clairs : <strong>le Reiki Usui n&#8217;a aucun rapport direct, m\u00eame assez lointain,<\/strong> <strong>avec le Tibet<\/strong> et toutes les archives historiques l&#8217;indiquent clairement&#8230; On n&#8217;a d&#8217;ailleurs pas la moindre trace de tels \u00e9l\u00e9ments dans le Reiki qui a fuit\u00e9 de la <em>Gakkai<\/em> ou dans celui issus des <a rel=\"noreferrer noopener\" href=\"https:\/\/lecercleetlecarre.fr\/index.php\/les-grands-courants-du-reiki-aujourdhui\/\" target=\"_blank\">courants japonais authentiquement traditionnels<\/a>.<\/p>\n\n\n\n<p>Si nous avons donn\u00e9 des \u00e9l\u00e9ments d&#8217;explications qui permettent de comprendre que le pseudo &#8220;Reiki Tib\u00e9tain&#8221; n&#8217;est ni tib\u00e9tain, ni Reiki, <strong>n&#8217;y aurait-il pas quand m\u00eame un lien entre le Reiki et le Tibet ?<\/strong> Cela ferait tellement plus joli de rattacher le Reiki \u00e0 une autre grande tradition multi-s\u00e9culaire&#8230; mais \u00e7a n&#8217;a <strong>aucun sens, ni aucune r\u00e9alit\u00e9 historique<\/strong> : le Reiki Usui commence au Japon en mars 1922, par l&#8217;exp\u00e9rience personnelle d&#8217;un japonais nomm\u00e9 Mikao Usui.<strong> Certains disent d&#8217;ailleurs que cette pratique quasi-centenaire est &#8220;jeune&#8221;<\/strong> et, d&#8217;une certaine fa\u00e7on, cela n&#8217;est pas faux&#8230; mais dans ce cas que penser de pratiques invent\u00e9es ou cr\u00e9es dans les ann\u00e9es 1980-1990 (comme le Raku Kei de Robertson), quand \u00e7a n&#8217;est pas dans les ann\u00e9es 2000, voire 2010 ?<\/p>\n\n\n\n<p><strong>Le Reiki Usui est seulement en rapport direct avec le Japon<\/strong> et, de ce fait, avec les influences chinoises importantes qu&#8217;il a connu, notamment li\u00e9es au <strong>bouddhisme de la Terre Pure<\/strong>&#8230; mais<strong> pas du tout au bouddhisme tib\u00e9tain<\/strong>, avec lequel il n&#8217;y a pas de connexion particuli\u00e8re, sauf assez lointaine par le bouddhisme Tendai, un bouddhisme \u00e9sot\u00e9rique issu de Chine : le bouddhisme tib\u00e9tain est effectivement lui aussi un bouddhisme \u00e9sot\u00e9rique&#8230; mais la comparaison s&#8217;arr\u00eate l\u00e0. Allez dire \u00e0 un japonais ou un chinois qu&#8217;il est tib\u00e9tain, je sens que vous d\u00e9couvrirez rapidement le sens du mot &#8220;<strong>approximation<\/strong>&#8221; ! D&#8217;ailleurs, le concept m\u00eame de Reiki n&#8217;existe pas tel quel en tib\u00e9tain : le concept source est chinois (\u9748\u6c23\/\u7075\u6c14, l\u00edngq\u00ec)&#8230; ce qui permet de comprendre pourquoi il y a tant de parent\u00e9 entre le <a rel=\"noreferrer noopener\" href=\"https:\/\/lecercleetlecarre.fr\/index.php\/reiki\/\" target=\"_blank\">Reiki<\/a> (\u9748\u6c23)et le <a href=\"https:\/\/lecercleetlecarre.fr\/index.php\/qi-gong\/\" target=\"_blank\" rel=\"noreferrer noopener\">Q\u00ecg\u014dng<\/a> (\u6c23\u529f).<\/p>\n\n\n\n<p><strong>Le Japon est le pays de naissance du Reiki de Mikao Usui<\/strong>, qu&#8217;il a formalis\u00e9 et transmis durant environ 4 ans seulement&#8230; et en utilisant \u00e9galement une <strong>base Shint\u00f4 visible<\/strong>, qui elle est encore plus \u00e9videmment &#8220;non tib\u00e9taine&#8221;, puisque <strong>sp\u00e9cifique au seul Japon !<\/strong> Contrairement au pseudo &#8220;Reiki tib\u00e9tain&#8221;, <strong>la destination premi\u00e8re du Reiki Usui n&#8217;\u00e9tait d&#8217;ailleurs pas du tout de &#8220;s&#8217;exporter&#8221;<\/strong>, m\u00eame si les vicissitudes de l&#8217;histoire en ont d\u00e9cid\u00e9 autrement&#8230; ce qui fut une chance pour le reste du monde !<\/p>\n\n\n\n<p>La chance fut moindre quand des formes invent\u00e9es ont fini par <strong>recouvrir et cacher les formes originelles<\/strong>, en se faisant passer pour elles&#8230; ce qui est une belle escroquerie. Cette forme d&#8217;usurpation d&#8217;identit\u00e9 est cependant r\u00e9currente dans de nombreux aspects de l&#8217;histoire mondiale, et pas seulement en Reiki.<\/p>\n\n\n\n<p>La <strong>vertu cach\u00e9e de cette forme de tromperie<\/strong> (&#8220;<em>\u00e0 quelque chose malheur est bon<\/em>&#8220;) fut aussi de <strong>frustrer <\/strong>tellement d&#8217;authentiques chercheurs ayant per\u00e7u des incoh\u00e9rences et manquements qu&#8217;ils ont finalement consacr\u00e9 \u00e9norm\u00e9ment d&#8217;\u00e9nergie \u00e0 <strong>pister la source<\/strong>&#8230; jusqu&#8217;\u00e0 <strong>s&#8217;en approcher aussi pr\u00e8s que possible<\/strong>. Une d\u00e9marche somme toute parfaitement Reiki : la vie est un <strong>chemin spirituel<\/strong> permettant l&#8217;\u00e9l\u00e9vation graduelle de notre Esprit, en ouvrant notre C\u0153ur, et donc en laissant tomber tous nos pr\u00e9jug\u00e9s afin d&#8217;accueillir plus de lumi\u00e8re.<\/p>\n\n\n\n<p>En conclusion : <strong>le pseudo &#8220;Reiki tib\u00e9tain&#8221; n&#8217;est que la plus c\u00e9l\u00e8bre des formes occidentalis\u00e9es du Reiki, avec ses rajouts typiques du New Age, mais tout n&#8217;est pas \u00e0 jeter dedans<\/strong>. Nous avons fait le choix de garder certains aspects bien choisis du &#8220;Reiki tib\u00e9tain&#8221; dans nos enseignements&#8230; parce qu&#8217;ils ont une efficacit\u00e9 r\u00e9elle et qu&#8217;ils donnent des &#8220;techniques compl\u00e9mentaires reiki-compatibles&#8221; qui peuvent s&#8217;av\u00e9rer utiles : elles constituent <strong>des extensions modernes du Reiki, m\u00eame si elles ne sont clairement plus du Reiki Usui<\/strong>. Chercher, c&#8217;est savoir s\u00e9parer le bon grain de l&#8217;ivraie (et savoir expliquer la diff\u00e9rence&#8230;) et ne pas jeter le b\u00e9b\u00e9 avec l&#8217;eau du bain (il y a parfois du bon, m\u00eame dans les inventions apparemment les plus inauthentiques et loufoques).<\/p>\n","protected":false},"excerpt":{"rendered":"<p>La r\u00e9ponse est simple : le &#8220;Reiki tib\u00e9tain&#8221; n&#8217;a aucune authenticit\u00e9, ni du point de vue historique, ni m\u00eame du point de vue culturel&#8230; car il s&#8217;agit en fait d&#8217;une &hellip; <a href=\"https:\/\/lecercleetlecarre.fr\/index.php\/que-penser-du-reiki-tibetain-et-de-son-authenticite\/\" class=\"more-link\">Lire la suite de <span class=\"screen-reader-text\">Que penser du &#8220;Reiki tib\u00e9tain&#8221; et de son authenticit\u00e9 ?<\/span><\/a><\/p>\n","protected":false},"author":3,"featured_media":0,"parent":0,"menu_order":0,"comment_status":"closed","ping_status":"closed","template":"","meta":{"_s2mail":"yes","_EventAllDay":false,"_EventTimezone":"","_EventStartDate":"","_EventEndDate":"","_EventStartDateUTC":"","_EventEndDateUTC":"","_EventShowMap":false,"_EventShowMapLink":false,"_EventURL":"","_EventCost":"","_EventCostDescription":"","_EventCurrencySymbol":"","_EventCurrencyCode":"","_EventCurrencyPosition":"","_EventDateTimeSeparator":"","_EventTimeRangeSeparator":"","_EventOrganizerID":[],"_EventVenueID":[0],"_OrganizerEmail":"","_OrganizerPhone":"","_OrganizerWebsite":"","_VenueAddress":"","_VenueCity":"","_VenueCountry":"","_VenueProvince":"","_VenueState":"","_VenueZip":"","_VenuePhone":"","_VenueURL":"","_VenueStateProvince":"","_VenueLat":"","_VenueLng":"","_VenueShowMap":false,"_VenueShowMapLink":false,"footnotes":""},"class_list":["post-2438","page","type-page","status-publish","hentry"],"_links":{"self":[{"href":"https:\/\/lecercleetlecarre.fr\/index.php\/wp-json\/wp\/v2\/pages\/2438","targetHints":{"allow":["GET"]}}],"collection":[{"href":"https:\/\/lecercleetlecarre.fr\/index.php\/wp-json\/wp\/v2\/pages"}],"about":[{"href":"https:\/\/lecercleetlecarre.fr\/index.php\/wp-json\/wp\/v2\/types\/page"}],"author":[{"embeddable":true,"href":"https:\/\/lecercleetlecarre.fr\/index.php\/wp-json\/wp\/v2\/users\/3"}],"replies":[{"embeddable":true,"href":"https:\/\/lecercleetlecarre.fr\/index.php\/wp-json\/wp\/v2\/comments?post=2438"}],"version-history":[{"count":61,"href":"https:\/\/lecercleetlecarre.fr\/index.php\/wp-json\/wp\/v2\/pages\/2438\/revisions"}],"predecessor-version":[{"id":3370,"href":"https:\/\/lecercleetlecarre.fr\/index.php\/wp-json\/wp\/v2\/pages\/2438\/revisions\/3370"}],"wp:attachment":[{"href":"https:\/\/lecercleetlecarre.fr\/index.php\/wp-json\/wp\/v2\/media?parent=2438"}],"curies":[{"name":"wp","href":"https:\/\/api.w.org\/{rel}","templated":true}]}}