{"id":2941,"date":"2021-08-28T16:23:02","date_gmt":"2021-08-28T14:23:02","guid":{"rendered":"https:\/\/lecercleetlecarre.fr\/?page_id=2941"},"modified":"2022-01-02T18:20:00","modified_gmt":"2022-01-02T17:20:00","slug":"ressources-exclusives","status":"publish","type":"page","link":"https:\/\/lecercleetlecarre.fr\/index.php\/ressources-exclusives\/","title":{"rendered":"Ressources exclusives"},"content":{"rendered":"\n<p>Ch\u00e8r(e)s Ami(e)s,<\/p>\n\n\n\n<p>Vous avez rejoint <strong><a rel=\"noreferrer noopener\" href=\"https:\/\/lecercleetlecarre.fr\/index.php\/qui-sommes-nous\/\" target=\"_blank\">l&#8217;Association Le Cercle et Le Carr\u00e9<\/a><\/strong> et vous faites d\u00e9sormais partie de nos membres ! Pour vous remercier, nous mettons ci-dessous, \u00e0 votre disposition, diff\u00e9rents fichiers pouvant <strong>vous aider dans votre pratique<\/strong>. <\/p>\n\n\n\n<p class=\"has-large-font-size\"><strong>Section <span style=\"font-size: revert; color: initial;\">Q\u00ecg\u014dng (\u6c23\u529f)<\/span> YMAA<\/strong><\/p>\n\n\n\n<p>Cette section s&#8217;\u00e9toffera au fur et \u00e0 mesure de l&#8217;avanc\u00e9e du <strong><a rel=\"noreferrer noopener\" href=\"https:\/\/lecercleetlecarre.fr\/index.php\/le-programme-de-notre-cursus-complet-de-qigong-ymaa\/\" target=\"_blank\">Cursus de Q\u00ecg\u014dng<\/a><\/strong> <strong><a rel=\"noreferrer noopener\" href=\"https:\/\/lecercleetlecarre.fr\/index.php\/ecole-ymaa-paris-nord\/\" target=\"_blank\">YMAA Paris Nord<\/a><\/strong> s&#8217;\u00e9talant sur une dur\u00e9e de 3 ans. <em>Les mots de passe prot\u00e9geant ces pages changeront r\u00e9guli\u00e8rement<\/em>.<\/p>\n\n\n\n<p> <strong style=\"font-size: revert; color: initial;\"><span style=\"text-decoration-line: underline;\">Niveau 1 :&nbsp;Fondements&nbsp;Th\u00e9oriques et Pratiques du Q\u00ecg\u014dng<\/span><\/strong><span style=\"font-size: revert; color: initial;\"> (\u6c23\u529f\u57fa\u790e, q\u00ecg\u014dng j\u012bch\u01d4)<\/span><\/p>\n\n\n\n<ul class=\"wp-block-list\"><li><strong><a href=\"https:\/\/lecercleetlecarre.fr\/index.php\/le-qigong-dechauffement-ymaa\/\" target=\"_blank\" rel=\"noreferrer noopener\">N1P1<\/a><\/strong><\/li><li><strong><a href=\"https:\/\/lecercleetlecarre.fr\/index.php\/pratiques-meditatives-ymaa\/\" target=\"_blank\" rel=\"noreferrer noopener\">N1P2<\/a><\/strong><\/li><\/ul>\n\n\n\n<p>  <strong style=\"font-size: revert; color: initial;\"><span style=\"text-decoration-line: underline;\">Niveau 2 :&nbsp;<\/span><\/strong> <\/p>\n\n\n\n<ul class=\"wp-block-list\"><li><a rel=\"noreferrer noopener\" href=\"https:\/\/lecercleetlecarre.fr\/index.php\/bases-du-qigong-therapeutique\/\" target=\"_blank\"><strong>N2P1<\/strong><\/a> et P2<\/li><li>N2P3-P4<\/li><\/ul>\n\n\n\n<p> <strong style=\"font-size: revert; color: initial;\"><span style=\"text-decoration-line: underline;\">Niveau 3 et 4 :&nbsp;<\/span><\/strong>  <\/p>\n\n\n\n<ul class=\"wp-block-list\"><li>N3<\/li><li>N4P1<\/li><li>N4P2-P3<\/li><li>N4P4<\/li><\/ul>\n\n\n\n<p> <strong style=\"font-size: revert; color: initial;\"><span style=\"text-decoration-line: underline;\">Niveau 5 :&nbsp;<\/span><\/strong>  <\/p>\n\n\n\n<ul class=\"wp-block-list\"><li>N5P1-P2<\/li><\/ul>\n\n\n\n<p> <strong style=\"font-size: revert; color: initial;\"><span style=\"text-decoration-line: underline;\">Niveau 6 :&nbsp;<\/span><\/strong>  <\/p>\n\n\n\n<ul class=\"wp-block-list\"><li>N6P1<\/li><li>N6P2<\/li><\/ul>\n\n\n\n<p> <strong style=\"font-size: revert; color: initial;\"><span style=\"text-decoration-line: underline;\">Niveau 7 :&nbsp;<\/span><\/strong>  <\/p>\n\n\n\n<ul class=\"wp-block-list\"><li>N7P1-P2<\/li><\/ul>\n\n\n\n<p> <strong style=\"font-size: revert; color: initial;\"><span style=\"text-decoration-line: underline;\">Niveau 8 :&nbsp;<\/span><\/strong>  <\/p>\n\n\n\n<ul class=\"wp-block-list\"><li>N8P1<\/li><li>N8P2<\/li><li>N8P3<\/li><\/ul>\n\n\n\n<p class=\"has-large-font-size\"> <strong>Section <span style=\"font-size: revert; color: initial;\">T\u00e0ij\u00edqu\u00e1n (\u592a\u6975\u62f3)<\/span><\/strong> <strong>YMAA<\/strong><\/p>\n\n\n\n<ul class=\"wp-block-list\"><li><strong><a rel=\"noreferrer noopener\" href=\"https:\/\/lecercleetlecarre.fr\/index.php\/le-qigong-dechauffement-ymaa\/\" target=\"_blank\">Q\u00ecg\u014dng d&#8217;\u00e9chauffement<\/a><\/strong><\/li><li><a rel=\"noreferrer noopener\" href=\"https:\/\/lecercleetlecarre.fr\/index.php\/taijiquan-ymaa\/\" target=\"_blank\"><strong>Grand Encha\u00eenement &#8211; Premi\u00e8re Partie<\/strong><\/a><\/li><li><strong><a rel=\"noreferrer noopener\" href=\"https:\/\/lecercleetlecarre.fr\/index.php\/poussees-de-main\/\" target=\"_blank\">Pouss\u00e9es de Main<\/a><\/strong><\/li><li><a href=\"https:\/\/lecercleetlecarre.fr\/index.php\/applications-martiales-principe-mecanique-et-energetique-des-qinna\/\" target=\"_blank\" rel=\"noreferrer noopener\"><strong>Applications Martiales<\/strong> &#8211; Principe m\u00e9canique et \u00e9nerg\u00e9tique des <strong>Q\u00ednn\u00e1&nbsp;(\u64d2\u62ff)<\/strong><\/a><ul><li>Article de Ma\u00eetre Y\u00e1ng (en anglais) sur <strong><a rel=\"noreferrer noopener\" href=\"https:\/\/legacy.ymaa.com\/articles\/taiji-chin-na\" target=\"_blank\">les Q\u00ednn\u00e1&nbsp;du T\u00e0ij\u00edqu\u00e1n<\/a><\/strong><\/li><\/ul><\/li><\/ul>\n\n\n\n<p><\/p>\n","protected":false},"excerpt":{"rendered":"<p>Ch\u00e8r(e)s Ami(e)s, Vous avez rejoint l&#8217;Association Le Cercle et Le Carr\u00e9 et vous faites d\u00e9sormais partie de nos membres ! Pour vous remercier, nous mettons ci-dessous, \u00e0 votre disposition, diff\u00e9rents &hellip; <a href=\"https:\/\/lecercleetlecarre.fr\/index.php\/ressources-exclusives\/\" class=\"more-link\">Lire la suite de <span class=\"screen-reader-text\">Ressources exclusives<\/span><\/a><\/p>\n","protected":false},"author":3,"featured_media":0,"parent":0,"menu_order":0,"comment_status":"closed","ping_status":"closed","template":"","meta":{"_s2mail":"yes","_EventAllDay":false,"_EventTimezone":"","_EventStartDate":"","_EventEndDate":"","_EventStartDateUTC":"","_EventEndDateUTC":"","_EventShowMap":false,"_EventShowMapLink":false,"_EventURL":"","_EventCost":"","_EventCostDescription":"","_EventCurrencySymbol":"","_EventCurrencyCode":"","_EventCurrencyPosition":"","_EventDateTimeSeparator":"","_EventTimeRangeSeparator":"","_EventOrganizerID":[],"_EventVenueID":[0],"_OrganizerEmail":"","_OrganizerPhone":"","_OrganizerWebsite":"","_VenueAddress":"","_VenueCity":"","_VenueCountry":"","_VenueProvince":"","_VenueState":"","_VenueZip":"","_VenuePhone":"","_VenueURL":"","_VenueStateProvince":"","_VenueLat":"","_VenueLng":"","_VenueShowMap":false,"_VenueShowMapLink":false,"footnotes":""},"class_list":["post-2941","page","type-page","status-publish","hentry"],"_links":{"self":[{"href":"https:\/\/lecercleetlecarre.fr\/index.php\/wp-json\/wp\/v2\/pages\/2941","targetHints":{"allow":["GET"]}}],"collection":[{"href":"https:\/\/lecercleetlecarre.fr\/index.php\/wp-json\/wp\/v2\/pages"}],"about":[{"href":"https:\/\/lecercleetlecarre.fr\/index.php\/wp-json\/wp\/v2\/types\/page"}],"author":[{"embeddable":true,"href":"https:\/\/lecercleetlecarre.fr\/index.php\/wp-json\/wp\/v2\/users\/3"}],"replies":[{"embeddable":true,"href":"https:\/\/lecercleetlecarre.fr\/index.php\/wp-json\/wp\/v2\/comments?post=2941"}],"version-history":[{"count":12,"href":"https:\/\/lecercleetlecarre.fr\/index.php\/wp-json\/wp\/v2\/pages\/2941\/revisions"}],"predecessor-version":[{"id":3079,"href":"https:\/\/lecercleetlecarre.fr\/index.php\/wp-json\/wp\/v2\/pages\/2941\/revisions\/3079"}],"wp:attachment":[{"href":"https:\/\/lecercleetlecarre.fr\/index.php\/wp-json\/wp\/v2\/media?parent=2941"}],"curies":[{"name":"wp","href":"https:\/\/api.w.org\/{rel}","templated":true}]}}

<p>Chèr(e)s Ami(e)s,</p>



<p>Vous avez rejoint <strong><a rel="noreferrer noopener" href="https://lecercleetlecarre.fr/index.php/qui-sommes-nous/" target="_blank">l&#8217;Association Le Cercle et Le Carré</a></strong> et vous faites désormais partie de nos membres ! Pour vous remercier, nous mettons ci-dessous, à votre disposition, différents fichiers pouvant <strong>vous aider dans votre pratique</strong>. </p>



<p class="has-large-font-size"><strong>Section <span style="font-size: revert; color: initial;">Qìgōng (氣功)</span> YMAA</strong></p>



<p>Cette section s&#8217;étoffera au fur et à mesure de l&#8217;avancée du <strong><a rel="noreferrer noopener" href="https://lecercleetlecarre.fr/index.php/le-programme-de-notre-cursus-complet-de-qigong-ymaa/" target="_blank">Cursus de Qìgōng</a></strong> <strong><a rel="noreferrer noopener" href="https://lecercleetlecarre.fr/index.php/ecole-ymaa-paris-nord/" target="_blank">YMAA Paris Nord</a></strong> s&#8217;étalant sur une durée de 3 ans. <em>Les mots de passe protégeant ces pages changeront régulièrement</em>.</p>



<p> <strong style="font-size: revert; color: initial;"><span style="text-decoration-line: underline;">Niveau 1 :&nbsp;Fondements&nbsp;Théoriques et Pratiques du Qìgōng</span></strong><span style="font-size: revert; color: initial;"> (氣功基礎, qìgōng jīchǔ)</span></p>



<ul class="wp-block-list"><li><strong><a href="https://lecercleetlecarre.fr/index.php/le-qigong-dechauffement-ymaa/" target="_blank" rel="noreferrer noopener">N1P1</a></strong></li><li><strong><a href="https://lecercleetlecarre.fr/index.php/pratiques-meditatives-ymaa/" target="_blank" rel="noreferrer noopener">N1P2</a></strong></li></ul>



<p>  <strong style="font-size: revert; color: initial;"><span style="text-decoration-line: underline;">Niveau 2 :&nbsp;</span></strong> </p>



<ul class="wp-block-list"><li><a rel="noreferrer noopener" href="https://lecercleetlecarre.fr/index.php/bases-du-qigong-therapeutique/" target="_blank"><strong>N2P1</strong></a> et P2</li><li>N2P3-P4</li></ul>



<p> <strong style="font-size: revert; color: initial;"><span style="text-decoration-line: underline;">Niveau 3 et 4 :&nbsp;</span></strong>  </p>



<ul class="wp-block-list"><li>N3</li><li>N4P1</li><li>N4P2-P3</li><li>N4P4</li></ul>



<p> <strong style="font-size: revert; color: initial;"><span style="text-decoration-line: underline;">Niveau 5 :&nbsp;</span></strong>  </p>



<ul class="wp-block-list"><li>N5P1-P2</li></ul>



<p> <strong style="font-size: revert; color: initial;"><span style="text-decoration-line: underline;">Niveau 6 :&nbsp;</span></strong>  </p>



<ul class="wp-block-list"><li>N6P1</li><li>N6P2</li></ul>



<p> <strong style="font-size: revert; color: initial;"><span style="text-decoration-line: underline;">Niveau 7 :&nbsp;</span></strong>  </p>



<ul class="wp-block-list"><li>N7P1-P2</li></ul>



<p> <strong style="font-size: revert; color: initial;"><span style="text-decoration-line: underline;">Niveau 8 :&nbsp;</span></strong>  </p>



<ul class="wp-block-list"><li>N8P1</li><li>N8P2</li><li>N8P3</li></ul>



<p class="has-large-font-size"> <strong>Section <span style="font-size: revert; color: initial;">Tàijíquán (太極拳)</span></strong> <strong>YMAA</strong></p>



<ul class="wp-block-list"><li><strong><a rel="noreferrer noopener" href="https://lecercleetlecarre.fr/index.php/le-qigong-dechauffement-ymaa/" target="_blank">Qìgōng d&#8217;échauffement</a></strong></li><li><a rel="noreferrer noopener" href="https://lecercleetlecarre.fr/index.php/taijiquan-ymaa/" target="_blank"><strong>Grand Enchaînement &#8211; Première Partie</strong></a></li><li><strong><a rel="noreferrer noopener" href="https://lecercleetlecarre.fr/index.php/poussees-de-main/" target="_blank">Poussées de Main</a></strong></li><li><a href="https://lecercleetlecarre.fr/index.php/applications-martiales-principe-mecanique-et-energetique-des-qinna/" target="_blank" rel="noreferrer noopener"><strong>Applications Martiales</strong> &#8211; Principe mécanique et énergétique des <strong>Qínná&nbsp;(擒拿)</strong></a><ul><li>Article de Maître Yáng (en anglais) sur <strong><a rel="noreferrer noopener" href="https://legacy.ymaa.com/articles/taiji-chin-na" target="_blank">les Qínná&nbsp;du Tàijíquán</a></strong></li></ul></li></ul>



<p></p>

<p>Chèr(e)s Ami(e)s, Vous avez rejoint l&#8217;Association Le Cercle et Le Carré et vous faites désormais partie de nos membres ! Pour vous remercier, nous mettons ci-dessous, à votre disposition, différents &hellip; <a href="https://lecercleetlecarre.fr/index.php/ressources-exclusives/" class="more-link">Lire la suite de <span class="screen-reader-text">Ressources exclusives</span></a></p>
