{"id":415,"date":"2018-11-30T02:52:36","date_gmt":"2018-11-30T01:52:36","guid":{"rendered":"https:\/\/lecercleetlecarre.wordpress.com\/?page_id=415"},"modified":"2024-06-30T00:55:35","modified_gmt":"2024-06-29T22:55:35","slug":"les-seminaires-de-qigong-ymaa-donnes-cette-annee","status":"publish","type":"page","link":"https:\/\/lecercleetlecarre.fr\/index.php\/les-seminaires-de-qigong-ymaa-donnes-cette-annee\/","title":{"rendered":"Les s\u00e9minaires de Q\u00ecg\u014dng YMAA de cette ann\u00e9e"},"content":{"rendered":"\n<p>L&#8217;Association <strong><a rel=\"noreferrer noopener\" href=\"https:\/\/lecercleetlecarre.fr\/index.php\/qui-sommes-nous\/\" target=\"_blank\">le Cercle et le Carr\u00e9<\/a><\/strong> inclue en son sein une <strong>\u00e9cole officielle<\/strong> <strong>de Q\u00ecg\u014dng<\/strong> affili\u00e9e \u00e0 <a href=\"https:\/\/lecercleetlecarre.fr\/index.php\/lecole-de-maitre-yang-ymaa\/\" target=\"_blank\" rel=\"noreferrer noopener\">l&#8217;\u00e9cole YMAA de Y\u00e1ng Jwing-Ming<\/a> : la <strong><a rel=\"noreferrer noopener\" href=\"https:\/\/lecercleetlecarre.fr\/index.php\/ecole-ymaa-paris-nord\/\" target=\"_blank\">YMAA Paris Nord<\/a><\/strong>.<\/p>\n\n\n<div class=\"wp-block-image\">\n<figure class=\"aligncenter size-large is-resized\"><img loading=\"lazy\" decoding=\"async\" width=\"300\" height=\"466\" src=\"https:\/\/lecercleetlecarre.fr\/wp-content\/uploads\/2020\/02\/YMAA-PN-Logo-mini.jpg\" alt=\"\" class=\"wp-image-1966\" style=\"width:133px;height:207px\" srcset=\"https:\/\/lecercleetlecarre.fr\/wp-content\/uploads\/2020\/02\/YMAA-PN-Logo-mini.jpg 300w, https:\/\/lecercleetlecarre.fr\/wp-content\/uploads\/2020\/02\/YMAA-PN-Logo-mini-193x300.jpg 193w\" sizes=\"auto, (max-width: 300px) 100vw, 300px\" \/><\/figure>\n<\/div>\n\n\n<p>La <a rel=\"noreferrer noopener\" href=\"https:\/\/lecercleetlecarre.fr\/index.php\/les-specificites-du-qigong-de-lecole-ymaa\/\" target=\"_blank\">sp\u00e9cificit\u00e9 du Q\u00ecg\u014dng de l&#8217;\u00e9cole YMAA<\/a> est qu&#8217;il promeut conjointement et de fa\u00e7on cumulative le <strong>bien \u00eatre<\/strong>, la <strong>sant\u00e9<\/strong> et la <strong>vitalit\u00e9<\/strong>, ainsi que l&#8217;<strong>\u00e9panouissement spirituel<\/strong> au travers de l&#8217;enseignement conjoint des <a rel=\"noreferrer noopener\" href=\"https:\/\/lecercleetlecarre.fr\/index.php\/qi-gong\/\" target=\"_blank\">trois grandes branches du Q\u00ecg\u014dng<\/a> : martial, th\u00e9rapeutique et spirituel.<\/p>\n\n\n\n<p>Ceux qui le souhaitent peuvent <a href=\"https:\/\/lecercleetlecarre.fr\/index.php\/peut-on-commencer-un-niveau-sans-avoir-fait-ou-fini-le-precedent\/\" target=\"_blank\" rel=\"noreferrer noopener\">participer \u00e0 un ou plusieurs s\u00e9minaires<\/a>, voire suivre la <a rel=\"noreferrer noopener\" href=\"https:\/\/lecercleetlecarre.fr\/index.php\/le-programme-de-notre-cursus-complet-de-qigong-ymaa\/\" target=\"_blank\">formation compl\u00e8te en Q\u00ecg\u014dng YMAA<\/a> que nous proposons.<\/p>\n\n\n\n<p>Tous les s\u00e9minaires ont lieu \u00e0 <strong><span style=\"text-decoration: underline;\">Paris<\/span><\/strong> au Centre Anima (adresse incluse dans les \u00e9v\u00e9nements de la colonne de droite) les <strong><span style=\"text-decoration: underline;\">samedi et dimanche<\/span><\/strong> de <strong><span style=\"text-decoration: underline;\">9h30 pr\u00e9cise \u00e0 18h environ<\/span><\/strong> (nous contacter pour obtenir le digicode).<\/p>\n\n\n\n<p>Cette ann\u00e9e, l\u2019attention sera port\u00e9e sur&nbsp;<strong>la d\u00e9couverte et la circulation du q\u00ec<\/strong>&nbsp;(m\u00e9ridiens, respiration, etc.), ainsi que&nbsp;<strong>les utilisations et applications du q\u00ec et du Q\u00ecg\u014dng<\/strong>&nbsp;(d\u00e9couverte et affinement de nos ressentis int\u00e9rieurs et ext\u00e9rieurs). On y enseigne toutes&nbsp;<strong>les pratiques fondatrices de l\u2019\u00e9cole&nbsp;<\/strong>(<strong>Niveau 1<\/strong>) et qui servent de&nbsp;<strong>socle<\/strong>&nbsp;\u00e0 la suite des enseignements (ce niveau est&nbsp;<em>obligatoire&nbsp;<\/em>avant de pouvoir en commencer un autre). La ma\u00eetrise graduelle de ce socle permet de&nbsp;<strong>cultiver son \u00e9nergie<\/strong>&nbsp;(en quantit\u00e9 comme en qualit\u00e9) et est le garant d\u2019une&nbsp;<strong><em>meilleure sant\u00e9<\/em><\/strong>&nbsp;\u00e0 la fois&nbsp;<strong><em>physique et \u00e9motionnelle<\/em><\/strong>&nbsp;; ces pratiques vont venir&nbsp;<strong><em>ouvrir la porte de la spiritualit\u00e9<\/em><\/strong>&nbsp;et de notre&nbsp;<strong><em>lien intime avec la Nature<\/em><\/strong>. Vous trouverez les dates de ces s\u00e9minaires dans la section &#8221; \u00e9v\u00e9nements \u00e0 venir &#8220;, dans la colonne de droite de votre \u00e9cran.<\/p>\n\n\n\n<ul class=\"wp-block-list\" style=\"font-size:18px\">\n<li><strong>N1P1&nbsp;:<\/strong>&nbsp;<strong>Fondements&nbsp;<\/strong>th\u00e9oriques et pratiques du q\u00ecg\u014dng (\u6c23\u529f\u57fa\u790e, q\u00ecg\u014dng j\u012bch\u01d4)&nbsp;\u2013 sant\u00e9 et \u00e9nergie de la&nbsp;<strong>colonne vert\u00e9brale<\/strong>&nbsp;et du&nbsp;<strong>d\u0101nti\u00e1n<\/strong>&nbsp;(\u4e39\u7530)<\/li>\n\n\n\n<li><strong>N1P2<\/strong>&nbsp;<strong>:<\/strong>&nbsp;<strong>Respiration q\u00ecg\u014dng<\/strong>, m\u00e9ditation de la&nbsp;<strong>Respiration Embryonnaire&nbsp;<\/strong>(\u80ce\u606f, t\u0101i x\u012b) &amp; Marches m\u00e9ditatives (\u7d4c\u884c, j\u012bng x\u00edng) \u2013 calme, paix et \u00e9nergie<\/li>\n\n\n\n<li><strong>N2P1 :<\/strong>&nbsp;Bases du&nbsp;<strong>q\u00ecg\u014dng th\u00e9rapeutique<\/strong>&nbsp;(\u4fdd\u5065\u6c23\u529f, b\u01ceo ji\u00e0n q\u00ecg\u014dng) \u2013 concepts fondamentaux,&nbsp;<strong>Q\u00ecg\u014dng des m\u00e9ridiens<\/strong>&nbsp;(\u5341\u4e8c\u7d93, sh\u00ed\u00e8r j\u012bng) et&nbsp;<strong>Huit Pi\u00e8ces de Brocart debout<\/strong>&nbsp;(\u516b\u6bb5\u9326, b\u0101 du\u00e0n j\u01d0n)<\/li>\n\n\n\n<li><strong>N2P2 :<\/strong>&nbsp;<strong>Q\u00ecg\u014dng&nbsp;th\u00e9rapeutique<\/strong>&nbsp;des&nbsp;<strong>4 saisons<\/strong>&nbsp;(\u56db\u5b63\u529f, s\u00ec j\u00ec g\u014dng) \u2013 maintenir, soulager et nourrir son corps et ses organes internes tout au long de l\u2019ann\u00e9e<\/li>\n\n\n\n<li><strong>N4P1&nbsp;<\/strong>: Introduction au&nbsp;<strong>q\u00ecg\u014dng martial souple et doux<\/strong>&nbsp;(\u8edf\u529f, ru\u01cen g\u014dng) \u2013 fondations du&nbsp;<strong>T\u00e0ij\u00ed q\u00ecg\u014dng<\/strong>&nbsp;(\u592a\u6975\u6c23\u529f) pour d\u00e9velopper ou r\u00e9parer ses articulations<\/li>\n\n\n\n<li><strong>N4P2&nbsp;:<\/strong>&nbsp;Q\u00ecg\u014dng de la&nbsp;<strong>boule de&nbsp;T\u00e0ij\u00ed<\/strong>&nbsp;(\u592a\u6975\u7403,&nbsp;T\u00e0ij\u00ed qi\u00fa) \u2013 pratiques et th\u00e9ories fondamentales,&nbsp;sans et avec la boule, pour entretenir et d\u00e9velopper tout son corps<\/li>\n\n\n\n<li><strong>N4P3 :<\/strong>&nbsp;Q\u00ecg\u014dng de la&nbsp;<strong>boule de&nbsp;T\u00e0ij\u00ed<\/strong>&nbsp;(\u592a\u6975\u7403,&nbsp;T\u00e0ij\u00ed qi\u00fa) \u2013 approfondissements et d\u00e9veloppement de la pratique libre pour manifester la puissance dans la d\u00e9tente<\/li>\n<\/ul>\n","protected":false},"excerpt":{"rendered":"<p>L&#8217;Association le Cercle et le Carr\u00e9 inclue en son sein une \u00e9cole officielle de Q\u00ecg\u014dng affili\u00e9e \u00e0 l&#8217;\u00e9cole YMAA de Y\u00e1ng Jwing-Ming : la YMAA Paris Nord. La sp\u00e9cificit\u00e9 du &hellip; <a href=\"https:\/\/lecercleetlecarre.fr\/index.php\/les-seminaires-de-qigong-ymaa-donnes-cette-annee\/\" class=\"more-link\">Lire la suite de <span class=\"screen-reader-text\">Les s\u00e9minaires de Q\u00ecg\u014dng YMAA de cette ann\u00e9e<\/span><\/a><\/p>\n","protected":false},"author":3,"featured_media":93,"parent":0,"menu_order":0,"comment_status":"closed","ping_status":"closed","template":"","meta":{"_s2mail":"yes","_EventAllDay":false,"_EventTimezone":"","_EventStartDate":"","_EventEndDate":"","_EventStartDateUTC":"","_EventEndDateUTC":"","_EventShowMap":false,"_EventShowMapLink":false,"_EventURL":"","_EventCost":"","_EventCostDescription":"","_EventCurrencySymbol":"","_EventCurrencyCode":"","_EventCurrencyPosition":"","_EventDateTimeSeparator":"","_EventTimeRangeSeparator":"","_EventOrganizerID":[],"_EventVenueID":[],"_OrganizerEmail":"","_OrganizerPhone":"","_OrganizerWebsite":"","_VenueAddress":"","_VenueCity":"","_VenueCountry":"","_VenueProvince":"","_VenueState":"","_VenueZip":"","_VenuePhone":"","_VenueURL":"","_VenueStateProvince":"","_VenueLat":"","_VenueLng":"","_VenueShowMap":false,"_VenueShowMapLink":false,"footnotes":""},"class_list":["post-415","page","type-page","status-publish","has-post-thumbnail","hentry"],"_links":{"self":[{"href":"https:\/\/lecercleetlecarre.fr\/index.php\/wp-json\/wp\/v2\/pages\/415","targetHints":{"allow":["GET"]}}],"collection":[{"href":"https:\/\/lecercleetlecarre.fr\/index.php\/wp-json\/wp\/v2\/pages"}],"about":[{"href":"https:\/\/lecercleetlecarre.fr\/index.php\/wp-json\/wp\/v2\/types\/page"}],"author":[{"embeddable":true,"href":"https:\/\/lecercleetlecarre.fr\/index.php\/wp-json\/wp\/v2\/users\/3"}],"replies":[{"embeddable":true,"href":"https:\/\/lecercleetlecarre.fr\/index.php\/wp-json\/wp\/v2\/comments?post=415"}],"version-history":[{"count":43,"href":"https:\/\/lecercleetlecarre.fr\/index.php\/wp-json\/wp\/v2\/pages\/415\/revisions"}],"predecessor-version":[{"id":4321,"href":"https:\/\/lecercleetlecarre.fr\/index.php\/wp-json\/wp\/v2\/pages\/415\/revisions\/4321"}],"wp:featuredmedia":[{"embeddable":true,"href":"https:\/\/lecercleetlecarre.fr\/index.php\/wp-json\/wp\/v2\/media\/93"}],"wp:attachment":[{"href":"https:\/\/lecercleetlecarre.fr\/index.php\/wp-json\/wp\/v2\/media?parent=415"}],"curies":[{"name":"wp","href":"https:\/\/api.w.org\/{rel}","templated":true}]}}