{"id":4961,"date":"2025-06-10T05:49:39","date_gmt":"2025-06-10T03:49:39","guid":{"rendered":"https:\/\/lecercleetlecarre.fr\/?page_id=4961"},"modified":"2025-09-25T22:18:15","modified_gmt":"2025-09-25T20:18:15","slug":"takata-na-pas-vraiment-menti-rebondissements-historiques-dans-lhistoire-officielle-du-reiki","status":"publish","type":"page","link":"https:\/\/lecercleetlecarre.fr\/index.php\/takata-na-pas-vraiment-menti-rebondissements-historiques-dans-lhistoire-officielle-du-reiki\/","title":{"rendered":"Takata n&#8217;a pas (vraiment) menti : rebondissements historiques dans l\u2019histoire officielle du Reiki ?"},"content":{"rendered":"\n<p>Pendant les trente derni\u00e8res ann\u00e9es, <strong>Hawayo Takata<\/strong> (24\/12\/1900-11\/12\/1980), celle par qui le <strong><a href=\"https:\/\/lecercleetlecarre.fr\/index.php\/reiki\/\">Reiki<\/a><\/strong> est arriv\u00e9 en occident, y a surv\u00e9cu et a finalement prosp\u00e9r\u00e9, n&#8217;a pas re\u00e7u que des louanges : <strong>certains l&#8217;ont accus\u00e9 depuis la fin des ann\u00e9es 1990 d&#8217;avoir menti<\/strong> sur <strong><a href=\"https:\/\/lecercleetlecarre.fr\/index.php\/un-peu-dhistoire\/\">l&#8217;histoire du Reiki<\/a><\/strong>, de l&#8217;avoir transform\u00e9e pour en faire un &#8220;reiki d\u00e9vi\u00e9&#8221;, etc., de fa\u00e7on parfois tr\u00e8s violente. En effet, c&#8217;est \u00e0 cette \u00e9poque que <strong>des recherches et d\u00e9couvertes historiques sont venues bouleverser ce que que l&#8217;on croyait savoir de l&#8217;histoire du Reiki<\/strong> (d\u00e9couverte de la st\u00e8le du cimeti\u00e8re de Saih\u014dji, publication de documents internes de la <em>Gakkai<\/em>, etc.), mettant ainsi en porte-\u00e0-faux, l&#8217;histoire (devenue officielle) transmise par Takata. Certains en ont ainsi fait la &#8220;m\u00e9chante&#8221;, un de mes amis arguant m\u00eame de l&#8217;identit\u00e9 de nom avec celui d&#8217;un fabriquant d&#8217;airbag d\u00e9fectueux, ayant fait scandale, pour montrer \u00e0 quel point on ne pouvait pas lui faire confiance (il se trouve toutefois que le nom en japonais de son fondateur est Takezo Takada, et non Takata, mais peu importe&#8230;) ! Qui veut tuer son chien l&#8217;accuse de la rage.<\/p>\n\n\n<div class=\"wp-block-image\">\n<figure class=\"aligncenter size-large is-resized\"><img loading=\"lazy\" decoding=\"async\" width=\"1024\" height=\"1008\" src=\"https:\/\/lecercleetlecarre.fr\/wp-content\/uploads\/2025\/06\/CampagneRappel-Takata-1024x1008.jpg\" alt=\"\" class=\"wp-image-4964\" style=\"width:443px;height:auto\" srcset=\"https:\/\/lecercleetlecarre.fr\/wp-content\/uploads\/2025\/06\/CampagneRappel-Takata-1024x1008.jpg 1024w, https:\/\/lecercleetlecarre.fr\/wp-content\/uploads\/2025\/06\/CampagneRappel-Takata-300x295.jpg 300w, https:\/\/lecercleetlecarre.fr\/wp-content\/uploads\/2025\/06\/CampagneRappel-Takata-768x756.jpg 768w, https:\/\/lecercleetlecarre.fr\/wp-content\/uploads\/2025\/06\/CampagneRappel-Takata-676x665.jpg 676w, https:\/\/lecercleetlecarre.fr\/wp-content\/uploads\/2025\/06\/CampagneRappel-Takata.jpg 1154w\" sizes=\"auto, (max-width: 1024px) 100vw, 1024px\" \/><\/figure>\n<\/div>\n\n\n<p><\/p>\n\n\n\n<h2 class=\"wp-block-heading\">Ce que l&#8217;on reproche usuellement \u00e0 Takata&#8230;<\/h2>\n\n\n<div class=\"wp-block-image\">\n<figure class=\"aligncenter size-full is-resized\"><img loading=\"lazy\" decoding=\"async\" width=\"638\" height=\"963\" src=\"https:\/\/lecercleetlecarre.fr\/wp-content\/uploads\/2025\/06\/takata-1-1.jpg\" alt=\"\" class=\"wp-image-4970\" style=\"width:308px;height:auto\" srcset=\"https:\/\/lecercleetlecarre.fr\/wp-content\/uploads\/2025\/06\/takata-1-1.jpg 638w, https:\/\/lecercleetlecarre.fr\/wp-content\/uploads\/2025\/06\/takata-1-1-199x300.jpg 199w\" sizes=\"auto, (max-width: 638px) 100vw, 638px\" \/><\/figure>\n<\/div>\n\n\n<p><\/p>\n\n\n\n<p>En donnant des informations historiques sur le fondateur du Reiki, sur le Reiki au Japon, etc., le moins que l&#8217;on puisse dire est qu&#8217;avec Takata, il y a eu <strong>quelques &#8220;inexactitudes&#8221; historiques<\/strong>. Takata avait affirm\u00e9 aux am\u00e9ricains qu&#8217;Usui \u00e9tait un missionnaire chr\u00e9tien, qu&#8217;il avait un doctorat en th\u00e9ologie, qu&#8217;il avait \u00e9tudi\u00e9 \u00e0 Chicago, qu&#8217;il avait \u00e9t\u00e9 pr\u00e9sident de la prestigieuse universit\u00e9 D\u014dshisha de Ky\u014dto (l&#8217;une des plus vieilles universit\u00e9s priv\u00e9es du Japon, fond\u00e9e sur le mod\u00e8le anglo-am\u00e9ricain pour promouvoir l&#8217;enseignement chr\u00e9tien), qu&#8217;il avait \u00e9t\u00e9 journaliste, etc. <strong>Autant de &#8220;faits&#8221; qui \u00e9taient tr\u00e8s bons et arrangeants pour l&#8217;image aupr\u00e8s du public am\u00e9ricain, mais qui semblaient assez incroyables&#8230;<\/strong> Mais la l\u00e9gende n&#8217;est-elle pas toujours un peu dor\u00e9e ? Jusqu&#8217;\u00e0 ce que des gens se mettent en t\u00eate de creuser et de v\u00e9rifier !<\/p>\n\n\n\n<p>C&#8217;est ce qui se passa d\u00e8s le d\u00e9but des ann\u00e9es 1990, o\u00f9 William Lee Rand prit contact avec l&#8217;Universit\u00e9 D\u014dshisha pour avoir des informations \u00e0 confronter avec l&#8217;histoire (avec un petit h) racont\u00e9e au sujet du fondateur du Reiki : Mikao Usui (\u81fc\u4e95\u7515\u7537, 15\/08\/1865 \u2013 09\/03\/1926). Et l\u00e0, mauvaise surprise, personne \u00e0 l&#8217;Universit\u00e9 n&#8217;avait jamais entendu parler d&#8217;Usui sensei. Un certain nombre d&#8217;autres faits n&#8217;ont pu non plus \u00eatre confirm\u00e9 et, apr\u00e8s la d\u00e9couverte par <strong>Frank Arjava Petter<\/strong> de la <strong>st\u00e8le fun\u00e9raire d&#8217;Usui sensei dans le cimeti\u00e8re de Saih\u014dji \u00e0 T\u014dky\u014d (dat\u00e9e de 1927)<\/strong>, comportant une petite biographie de ce dernier (il aurait \u00e9tudi\u00e9 en Chine, voyag\u00e9 en occident, aimait lire les textes bouddhistes et chr\u00e9tiens&#8230;), la coupe historique \u00e9tait pleine : l&#8217;histoire orale d&#8217;Usui sensei, telle que cont\u00e9e par Takata sensei, semblait avoir \u00e9t\u00e9 largement fabriqu\u00e9e&#8230; et le mobile semblait, lui aussi, \u00e9vident ; <strong>Takata avait d\u00fb prendre quelques petites libert\u00e9s avec la v\u00e9rit\u00e9 historique et mentir pour servir ses int\u00e9r\u00eats personnels, en tant que pionni\u00e8re du Reiki aux USA<\/strong> (mobile mercantile \u00e9go\u00efste), et l&#8217;on imaginait tr\u00e8s bien le b\u00e9n\u00e9fice qu&#8217;elle pouvait tirer de faire croire que Mikao Usui \u00e9tait un missionnaire chr\u00e9tien protestant : cela levait bien des barri\u00e8res et des r\u00e9ticences dans la population locale. Ce fut ainsi le d\u00e9but d&#8217;un certain nombre de conflits plus ou moins violents entre la &#8220;lign\u00e9e Takata&#8221; repr\u00e9sent\u00e9e par l&#8217;Alliance Reiki et men\u00e9e par Phyllis Furumoto (petite fille de Takata) et les diff\u00e9rents investigateurs et chercheurs quant \u00e0 l&#8217;histoire factuelle du Reiki, notamment Frank Arjava Petter. La charge \u00e9motionnelle n\u00e9gative fut grande pendant longtemps, la lign\u00e9e Takata s&#8217;\u00e9tant sentie franchement attaqu\u00e9e et agress\u00e9e&#8230; jusqu&#8217;\u00e0 ce que le temps passe et que Phyllis elle-m\u00eame ne r\u00e9vise son point de vue sur le sujet et parvienne \u00e0 une position plus mod\u00e9r\u00e9e permettant d&#8217;aller vers une <strong><a href=\"https:\/\/www.youtube.com\/watch?v=Zsbkm5etWxo\">Reiki Conciliation<\/a><\/strong>, une &#8220;re(i)konciliation&#8221;.<\/p>\n\n\n<div class=\"wp-block-image\">\n<figure class=\"aligncenter size-full is-resized\"><img loading=\"lazy\" decoding=\"async\" width=\"330\" height=\"291\" src=\"https:\/\/lecercleetlecarre.fr\/wp-content\/uploads\/2025\/06\/Reconciliation.jpg\" alt=\"\" class=\"wp-image-4976\" style=\"width:164px;height:auto\" srcset=\"https:\/\/lecercleetlecarre.fr\/wp-content\/uploads\/2025\/06\/Reconciliation.jpg 330w, https:\/\/lecercleetlecarre.fr\/wp-content\/uploads\/2025\/06\/Reconciliation-300x265.jpg 300w\" sizes=\"auto, (max-width: 330px) 100vw, 330px\" \/><\/figure>\n<\/div>\n\n\n<p><\/p>\n\n\n\n<p>La v\u00e9rit\u00e9 historique n&#8217;\u00e9tait pas facile \u00e0 accepter, surtout quand on avait cru de bonne foi les histoires racont\u00e9e par la pionni\u00e8re. Ainsi, le point de vue des acad\u00e9miques se cristallisera autour de la th\u00e8se de <strong>Stein (2017)<\/strong>, concluant \u00e0 la <strong>fabrication de l&#8217;histoire du Reiki par Takata<\/strong>. Mais \u00e7a, ce n&#8217;\u00e9tait qu&#8217;en 2017 !<\/p>\n\n\n<div class=\"wp-block-image\">\n<figure class=\"aligncenter size-full is-resized\"><img loading=\"lazy\" decoding=\"async\" width=\"474\" height=\"474\" src=\"https:\/\/lecercleetlecarre.fr\/wp-content\/uploads\/2025\/06\/Justin-Stein.webp\" alt=\"\" class=\"wp-image-4981\" style=\"width:266px;height:auto\" srcset=\"https:\/\/lecercleetlecarre.fr\/wp-content\/uploads\/2025\/06\/Justin-Stein.webp 474w, https:\/\/lecercleetlecarre.fr\/wp-content\/uploads\/2025\/06\/Justin-Stein-300x300.webp 300w, https:\/\/lecercleetlecarre.fr\/wp-content\/uploads\/2025\/06\/Justin-Stein-150x150.webp 150w\" sizes=\"auto, (max-width: 474px) 100vw, 474px\" \/><\/figure>\n<\/div>\n\n\n<p><\/p>\n\n\n\n<h2 class=\"wp-block-heading\">Rebondissements historiques en 2023-25 : de nouvelles pi\u00e8ces vers\u00e9es au dossier !<\/h2>\n\n\n\n<p>C&#8217;est le principe m\u00eame de l&#8217;Histoire : si <strong>de nouvelles archives viennent \u00e0 \u00eatre exhum\u00e9es<\/strong>, de nouvelles th\u00e9ories et interpr\u00e9tations peuvent logiquement voir le jour. Le monde acad\u00e9mique a l&#8217;habitude de ce genre de rebondissement, mais pas le grand public&#8230; et encore moins les Ma\u00eetre-Enseignant (ME) de Reiki qui, pour le dire sobrement, ne sont souvent pas du tout \u00e0 la page avec l&#8217;\u00e9tat de la connaissance historique concernant le Reiki. Ce dernier fait est fort dommageable pour tout le monde et ce petit article a pour ambition de contribuer \u00e0 limiter ces d\u00e9g\u00e2ts en diffusant une information en phase avec nos connaissances historiques actuelles.<\/p>\n\n\n<div class=\"wp-block-image\">\n<figure class=\"aligncenter size-full is-resized\"><img loading=\"lazy\" decoding=\"async\" width=\"260\" height=\"359\" src=\"https:\/\/lecercleetlecarre.fr\/wp-content\/uploads\/2025\/06\/Pastor_Tokio_Yokoi.jpg\" alt=\"\" class=\"wp-image-4971\" style=\"width:135px;height:auto\" srcset=\"https:\/\/lecercleetlecarre.fr\/wp-content\/uploads\/2025\/06\/Pastor_Tokio_Yokoi.jpg 260w, https:\/\/lecercleetlecarre.fr\/wp-content\/uploads\/2025\/06\/Pastor_Tokio_Yokoi-217x300.jpg 217w\" sizes=\"auto, (max-width: 260px) 100vw, 260px\" \/><\/figure>\n<\/div>\n\n\n<p><\/p>\n\n\n\n<p>La premi\u00e8re surprise vint en 2023, quand une ME australienne, Elizabeth Latham, fit dans son livre (<em>The Samurai Reiki Master<\/em>) une d\u00e9claration qui stup\u00e9fia tout le monde : <strong>le fondateur du Reiki n&#8217;\u00e9tait pas Mikao Usui, mais un certain Tokio Yokoi !<\/strong> Et Mikao Usui n&#8217;aurait \u00e9t\u00e9 que&#8230; son pseudonyme ! Vous imaginez bien les r\u00e9actions d&#8217;incr\u00e9dulit\u00e9 ou de complot qu&#8217;une telle affirmation a pu susciter, mais <strong>Latham avait bien lev\u00e9 un li\u00e8vre int\u00e9ressant<\/strong> : le d\u00e9nomm\u00e9 Yokoi, \u00e9tait bien missionnaire chr\u00e9tien protestant, avait bien \u00e9t\u00e9 Pr\u00e9sident pendant deux ans de l&#8217;Universit\u00e9 D\u014dshisha (dont il \u00e9tait un ancien \u00e9l\u00e8ve), avait bien \u00e9tudi\u00e9 aux USA, etc. Autrement dit, l&#8217;histoire rocambolesque que Takata avait racont\u00e9 n&#8217;\u00e9tait pas de pure fantaisie ; certains parvinrent ainsi \u00e0 la conclusion que puisque Takata avait bien racont\u00e9 l&#8217;histoire du fondateur, il y avait eu seulement erreur d&#8217;attribution (Jonker, 2024) : <strong>le fondateur du Reiki \u00e9tait en fait <\/strong>le<strong> tr\u00e8s chr\u00e9tien<\/strong> Tokio Yokoi&#8230; La th\u00e8se de Latham fut officiellement rejet\u00e9e par Stein qui la trouvait assez improbable et surtout peu \u00e9tay\u00e9e, bien que la piste soit un peu troublante.<\/p>\n\n\n<div class=\"wp-block-image\">\n<figure class=\"aligncenter size-full is-resized\"><img loading=\"lazy\" decoding=\"async\" width=\"779\" height=\"469\" src=\"https:\/\/lecercleetlecarre.fr\/wp-content\/uploads\/2025\/06\/Holiness-revival-1.jpg\" alt=\"\" class=\"wp-image-4974\" style=\"width:400px;height:auto\" srcset=\"https:\/\/lecercleetlecarre.fr\/wp-content\/uploads\/2025\/06\/Holiness-revival-1.jpg 779w, https:\/\/lecercleetlecarre.fr\/wp-content\/uploads\/2025\/06\/Holiness-revival-1-300x181.jpg 300w, https:\/\/lecercleetlecarre.fr\/wp-content\/uploads\/2025\/06\/Holiness-revival-1-768x462.jpg 768w, https:\/\/lecercleetlecarre.fr\/wp-content\/uploads\/2025\/06\/Holiness-revival-1-676x407.jpg 676w\" sizes=\"auto, (max-width: 779px) 100vw, 779px\" \/><\/figure>\n<\/div>\n\n\n<p><\/p>\n\n\n\n<p>En juin 2025, <strong><a href=\"https:\/\/www.jojan.nl\/assets\/files\/Article-ReframingUsui-YokoiFINAL.pdf\">Jojan Jonker, produira un papier de synth\u00e8se sur le sujet<\/a><\/strong>, venant \u00e9tayer diff\u00e9rents \u00e9l\u00e9ments en faveur d&#8217;une th\u00e8se allant dans ce sens. On peut lui reprocher de minimiser certains aspects de l&#8217;histoire connue de Mikao Usui, qui, compte tenu des \u00e9l\u00e9ments disponibles \u00e0 ce jour, reste pour moi indubitablement le fondateur du Reiki Usui. On ne ne peut toutefois pas \u00e9vacuer la possible connexion, mise au jour par Jonker (2025), entre le r\u00e9f\u00e9rentiel spirituel de pens\u00e9e de Yokoi et celui d&#8217;Usui, car <strong>les deux appartenaient \u00e0 des mouvances chr\u00e9tiennes mystiques proches, si ce n&#8217;est en r\u00e9alit\u00e9 identique !<\/strong> Le fait que Usui se soit int\u00e9ress\u00e9 au christianisme \u00e9tait connu d\u00e8s la lecture des inscriptions de la st\u00e8le fun\u00e9raire de Saih\u014dji, mais rien ne prouvait alors qu&#8217;il s&#8217;\u00e9tait r\u00e9ellement impliqu\u00e9 personnellement dans la religion chr\u00e9tienne&#8230; mais, par une curieuse synchronicit\u00e9 dont l&#8217;histoire a le secret, une autre pi\u00e8ce historique nouvelle venait d&#8217;\u00eatre vers\u00e9e au dossier, en avril 2025 !<\/p>\n\n\n\n<p>Gr\u00e2ce au miracle de la num\u00e9risation des archives, d&#8217;obscures pi\u00e8ces administratives sont devenues accessibles et quelle ne fut pas la surprise des chercheurs sur l&#8217;histoire du Reiki, quand on d\u00e9couvrit \u00e0 Taiwan un CV&#8230; de la main de Mikao Usui, dat\u00e9 de 1904 ! Cette pi\u00e8ce incroyable nous permettait enfin d&#8217;avoir une vision plus large du parcours d&#8217;Usui sensei jusqu&#8217;\u00e0 cette date, dans le genre factuel qui sied aux CVs ! \u00c0 nouveau, surprise : Mikao Usui a \u00e9tudi\u00e9 la litt\u00e9rature chinoise classique, <strong>l&#8217;anglais<\/strong>, la psychologie et le droit ; il a bien \u00e9t\u00e9 le <strong>fondateur et<\/strong> <strong>principal pendant trois ann\u00e9es de deux \u00e9tablissements <strong>chr\u00e9tiens<\/strong><\/strong> <strong>d&#8217;\u00e9ducation pour jeunes filles<\/strong> (\u00e9tablis par des missionnaires am\u00e9ricains) dans la banlieue d\u00e9favoris\u00e9e de T\u014dky\u014d, ce qui implique qu&#8217;<strong>il devait <em>a minima<\/em> \u00eatre baptis\u00e9<\/strong>. Il a pass\u00e9 <strong>4 ann\u00e9es \u00e0 Taiwan<\/strong> en mission d&#8217;\u00e9tude culturelle dans le cadre du gouvernement colonial japonais, s&#8217;est bien rendu aux USA \u00e0 <strong>San Francisco<\/strong>, etc. Vous pourrez trouver plus d&#8217;information en visitant <strong><a href=\"https:\/\/www.reiki.com.tw\/news\/278\/\">ce site<\/a><\/strong>. Il est donc av\u00e9r\u00e9 que Usui sensei <strong>a v\u00e9cu en Chine<\/strong> (Taiwan), qu&#8217;il <strong>a v\u00e9cu aux \u00c9tats-Unis<\/strong> (San Francisco) et  <strong>lisait au moins un peu d&#8217;anglais<\/strong>, et qu&#8217;il <strong>a promu le christianisme \u00e0 T\u014dky\u014d<\/strong> (et donc \u00e9tait vraisemblablement baptis\u00e9, donc chr\u00e9tien).<\/p>\n\n\n<div class=\"wp-block-image\">\n<figure class=\"aligncenter size-full\"><img loading=\"lazy\" decoding=\"async\" width=\"474\" height=\"368\" src=\"https:\/\/lecercleetlecarre.fr\/wp-content\/uploads\/2025\/06\/Takata.webp\" alt=\"\" class=\"wp-image-4979\" srcset=\"https:\/\/lecercleetlecarre.fr\/wp-content\/uploads\/2025\/06\/Takata.webp 474w, https:\/\/lecercleetlecarre.fr\/wp-content\/uploads\/2025\/06\/Takata-300x233.webp 300w\" sizes=\"auto, (max-width: 474px) 100vw, 474px\" \/><\/figure>\n<\/div>\n\n\n<p><\/p>\n\n\n\n<p>Conclusion : <strong>Takata n&#8217;avait pas (vraiment) menti<\/strong>&#8230; Elle avait re\u00e7u des informations sur la vie d&#8217;Usui Sensei vers 1935, quand elle a \u00e9tudi\u00e9 avec Hayashi sensei, donc quand elle a re\u00e7u <strong>une histoire de seconde main, racont\u00e9e une dizaine d&#8217;ann\u00e9e apr\u00e8s la mort du fondateur<\/strong>, ce qui peut expliquer le c\u00f4t\u00e9 un peu parcellaire et fluctuant de l&#8217;histoire qu&#8217;elle racontait (selon une info relat\u00e9e par Justin Stein, un des \u00e9l\u00e8ves ME de Takata, Shinobu Saito, disait qu&#8217;il ne l&#8217;avait jamais entendu raconter deux fois la m\u00eame histoire&#8230;). Entre les tours que joue la m\u00e9moire, l&#8217;imagination spontan\u00e9e et les besoins rh\u00e9toriques, l&#8217;histoire cont\u00e9e par Takata se r\u00e9v\u00e8le au final assez proche de la r\u00e9alit\u00e9, si ce n&#8217;est pour certains \u00e9l\u00e9ments, qui semblent concerner moins Mikao Usui que Tokio Yokoi, deux hommes qui ont pu \u00eatre proches dans la vie r\u00e9elle, et l&#8217;ont ind\u00e9niablement \u00e9t\u00e9 dans leurs chemins spirituels. Ainsi, soyons humble et dans l&#8217;ouverture du Coeur : admettons qu&#8217;<strong>une mauvais r\u00e9putation plut\u00f4t indue a \u00e9t\u00e9 faite \u00e0 Takata pendant des ann\u00e9es<\/strong>, alors qu&#8217;elle n&#8217;a pas (vraiment) menti ; <strong>il convient donc, pour tout esprit honn\u00eate, de la r\u00e9habiliter en grande partie<\/strong>. <strong>Merci Takata sensei<\/strong>, et qu&#8217;importe les approximations historiques et les \u00e9ventuels petits changements faits au Reiki Usui : <strong>sans vous, le Reiki Usui serait sans doute rest\u00e9 confidentiel, limit\u00e9 au seul Japon, et le monde n&#8217;en aurai jamais profit\u00e9 !<\/strong> \u00c0 nous de continuer \u00e0 peaufiner l&#8217;histoire factuelle du Reiki et de r\u00e9pandre l&#8217;Amour pour la gu\u00e9rison spirituelle de toutes celles et ceux qui le souhaitent.<\/p>\n\n\n<div class=\"wp-block-image\">\n<figure class=\"aligncenter size-large is-resized\"><img loading=\"lazy\" decoding=\"async\" width=\"1024\" height=\"640\" src=\"https:\/\/lecercleetlecarre.fr\/wp-content\/uploads\/2025\/06\/heart-shape-1714807_1280-1024x640.jpg\" alt=\"\" class=\"wp-image-5004\" style=\"width:651px;height:auto\" srcset=\"https:\/\/lecercleetlecarre.fr\/wp-content\/uploads\/2025\/06\/heart-shape-1714807_1280-1024x640.jpg 1024w, https:\/\/lecercleetlecarre.fr\/wp-content\/uploads\/2025\/06\/heart-shape-1714807_1280-300x188.jpg 300w, https:\/\/lecercleetlecarre.fr\/wp-content\/uploads\/2025\/06\/heart-shape-1714807_1280-768x480.jpg 768w, https:\/\/lecercleetlecarre.fr\/wp-content\/uploads\/2025\/06\/heart-shape-1714807_1280-676x423.jpg 676w, https:\/\/lecercleetlecarre.fr\/wp-content\/uploads\/2025\/06\/heart-shape-1714807_1280.jpg 1200w\" sizes=\"auto, (max-width: 1024px) 100vw, 1024px\" \/><\/figure>\n<\/div>","protected":false},"excerpt":{"rendered":"<p>Pendant les trente derni\u00e8res ann\u00e9es, Hawayo Takata (24\/12\/1900-11\/12\/1980), celle par qui le Reiki est arriv\u00e9 en occident, y a surv\u00e9cu et a finalement prosp\u00e9r\u00e9, n&#8217;a pas re\u00e7u que des louanges &hellip; <a href=\"https:\/\/lecercleetlecarre.fr\/index.php\/takata-na-pas-vraiment-menti-rebondissements-historiques-dans-lhistoire-officielle-du-reiki\/\" class=\"more-link\">Lire la suite de <span class=\"screen-reader-text\">Takata n&#8217;a pas (vraiment) menti : rebondissements historiques dans l\u2019histoire officielle du Reiki ?<\/span><\/a><\/p>\n","protected":false},"author":3,"featured_media":0,"parent":0,"menu_order":0,"comment_status":"closed","ping_status":"closed","template":"","meta":{"_s2mail":"yes","_EventAllDay":false,"_EventTimezone":"","_EventStartDate":"","_EventEndDate":"","_EventStartDateUTC":"","_EventEndDateUTC":"","_EventShowMap":false,"_EventShowMapLink":false,"_EventURL":"","_EventCost":"","_EventCostDescription":"","_EventCurrencySymbol":"","_EventCurrencyCode":"","_EventCurrencyPosition":"","_EventDateTimeSeparator":"","_EventTimeRangeSeparator":"","_EventOrganizerID":[],"_EventVenueID":[],"_OrganizerEmail":"","_OrganizerPhone":"","_OrganizerWebsite":"","_VenueAddress":"","_VenueCity":"","_VenueCountry":"","_VenueProvince":"","_VenueState":"","_VenueZip":"","_VenuePhone":"","_VenueURL":"","_VenueStateProvince":"","_VenueLat":"","_VenueLng":"","_VenueShowMap":false,"_VenueShowMapLink":false,"footnotes":""},"class_list":["post-4961","page","type-page","status-publish","hentry"],"_links":{"self":[{"href":"https:\/\/lecercleetlecarre.fr\/index.php\/wp-json\/wp\/v2\/pages\/4961","targetHints":{"allow":["GET"]}}],"collection":[{"href":"https:\/\/lecercleetlecarre.fr\/index.php\/wp-json\/wp\/v2\/pages"}],"about":[{"href":"https:\/\/lecercleetlecarre.fr\/index.php\/wp-json\/wp\/v2\/types\/page"}],"author":[{"embeddable":true,"href":"https:\/\/lecercleetlecarre.fr\/index.php\/wp-json\/wp\/v2\/users\/3"}],"replies":[{"embeddable":true,"href":"https:\/\/lecercleetlecarre.fr\/index.php\/wp-json\/wp\/v2\/comments?post=4961"}],"version-history":[{"count":50,"href":"https:\/\/lecercleetlecarre.fr\/index.php\/wp-json\/wp\/v2\/pages\/4961\/revisions"}],"predecessor-version":[{"id":5176,"href":"https:\/\/lecercleetlecarre.fr\/index.php\/wp-json\/wp\/v2\/pages\/4961\/revisions\/5176"}],"wp:attachment":[{"href":"https:\/\/lecercleetlecarre.fr\/index.php\/wp-json\/wp\/v2\/media?parent=4961"}],"curies":[{"name":"wp","href":"https:\/\/api.w.org\/{rel}","templated":true}]}}