{"id":3287,"date":"2022-05-25T16:12:59","date_gmt":"2022-05-25T14:12:59","guid":{"rendered":"https:\/\/lecercleetlecarre.fr\/?post_type=tribe_events&#038;p=3287"},"modified":"2025-07-02T15:39:41","modified_gmt":"2025-07-02T13:39:41","slug":"n5p2-massage-qigong-general-approfondissement-massage-des-points-energetiques-massage-de-relaxation-profonde-dun-partenaire","status":"publish","type":"tribe_events","link":"https:\/\/lecercleetlecarre.fr\/index.php\/event\/n5p2-massage-qigong-general-approfondissement-massage-des-points-energetiques-massage-de-relaxation-profonde-dun-partenaire\/","title":{"rendered":"N5P2 :\u00a0Massage q\u00ecg\u014dng g\u00e9n\u00e9ral\u00a0\u2013 approfondissement, massage des points \u00e9nerg\u00e9tiques, massage de relaxation profonde\u00a0d\u2019un partenaire"},"content":{"rendered":"<div  class=\"tribe-events-schedule tribe-clearfix\" >\n\t<p class=\"tribe-events-schedule__datetime\">\n\t\t<span class=\"tribe-events-schedule__date tribe-events-schedule__date--start\">\n\t\t\t21 f\u00e9vrier 2026\t\t<\/span>\n\n\t\t\n\t\t\t\t\t\t\t\t\t<span class=\"tribe-events-schedule__separator tribe-events-schedule__separator--time\">\n\t\t\t\t\t &#8211; \t\t\t\t<\/span>\n\t\t\t\n\t\t\t\t\t\t\t<span class=\"tribe-events-schedule__date tribe-events-schedule__date--end\">\n\t\t\t\t\t22 f\u00e9vrier 2026\t\t\t\t<\/span>\n\n\t\t\t\t\n\t\t\t\n\t\t\t\t\t\t<\/p>\n<\/div>\n\n\n\n<p>Ce s\u00e9minaire vous propose un <strong>approfondissement du Massage q\u00ecg\u014dng g\u00e9n\u00e9ral<\/strong> vu lors du pr\u00e9c\u00e9dent s\u00e9minaire et se consacre plus sp\u00e9cifiquement au massage des <strong>points \u00e9nerg\u00e9tiques<\/strong>, ainsi qu&#8217;au <strong>massage de relaxation profonde d\u2019un partenaire<\/strong>. Il s&#8217;agit de poursuivre l&#8217;apprentissage sur soi et sur autrui du sens du toucher, et d&#8217;aller r\u00e9solument de ses aspects physiques <strong>vers ses aspects \u00e9nerg\u00e9tiques<\/strong>.<\/p>\n\n\n<div  class=\"tribe-block tribe-block__event-price\" >\n\t\t\t<span class=\"tribe-block__event-price__cost\"> 180\u20ac <\/span>\n\t\t<\/div>\n\n\n<div  class=\"tribe-block tribe-block__organizer__details tribe-clearfix\" >\n\t<div class=\"tribe-block__organizer__title\">\n\t\t<h3>YMAA Paris Nord<\/h3>\n\t<\/div>\n\t\t\t\t<p class=\"tribe-block__organizer__website\"><a href=\"https:\/\/lecercleetlecarre.fr\" target=\"_blank\" rel=\"noopener noreferrer\">Voir le site Organisateur<\/a><\/p>\n\t\t\t\t<p class=\"tribe-block__organizer__email\">co&#110;&#116;&#097;ct&#064;lecer&#099;le&#101;tlec&#097;&#114;&#114;e.fr<\/p>\n\t<\/div>\n\n\n<div  class=\"tribe-block tribe-block__venue tribe-clearfix tribe-block__venue--has-map\" >\n\t\n\t\n<div class=\"tribe-block__venue__meta\">\n\t<div class=\"tribe-block__venue__name\">\n\t\t<h3>Centre Anima<\/h3>\n\t<\/div>\n\n\t\n\t\t\t\t\t\t<address class=\"tribe-block__venue__address\">\n\t\t\t\t<span class=\"tribe-address\">\n\n<span class=\"tribe-street-address\">31, rue de Maubeuge<\/span>\n\t\n\t\t<br>\n\t\t<span class=\"tribe-locality\">PARIS<\/span><span class=\"tribe-delimiter\">,<\/span>\n\n\n\t<span class=\"tribe-postal-code\">75009<\/span>\n\n\t<span class=\"tribe-country-name\">France<\/span>\n\n<\/span>\n\n\t\t\t\t\t\t\t\t\t<a class=\"tribe-events-gmap\" href=\"https:\/\/maps.google.com\/maps?f=q&#038;source=s_q&#038;hl=en&#038;geocode=&#038;q=31%2C+rue+de+Maubeuge+PARIS+75009+France\" title=\"Cliquez pour voir une carte Google Map\" target=\"_blank\" rel=\"noreferrer noopener\">+ Google Map<\/a>\t\t\t\t\t\t\t<\/address>\n\t\t\n\t\t\n\t\t\t\t\t<span class=\"tribe-block__venue__website\"><a href=\"https:\/\/www.centreanima.com\/\" target=\"_self\" rel=\"external\">Voir Lieu site web<\/a><\/span><br \/>\n\t\t\t\n\t<\/div>\n\t\n<div class=\"tribe-block__venue__map\">\n\t\n<iframe loading=\"lazy\"\n  title=\"L\u2018iframe Google maps affichant l\u2019adresse \u00e0 Centre Anima\"\n  aria-label=\"Plan des lieux\"\n  width=\"310px\"\n  height=\"256px\"\n  frameborder=\"0\" style=\"border:0\"\n  src=\"https:\/\/www.google.com\/maps\/embed\/v1\/place?key=AIzaSyDNsicAsP6-VuGtAb1O9riI3oc_NOb7IOU&#038;q=31%2C+rue+de+Maubeuge+PARIS+75009+France+&#038;zoom=10\" allowfullscreen>\n<\/iframe>\n<\/div>\n\n\t<\/div>\n\n\n\n\n\t<div  class=\"tribe-block tribe-block__events-link\" >\n\t\t<div class=\"tribe-events tribe-common\">\n\t\t\t<div class=\"tribe-events-c-subscribe-dropdown__container\">\n\t\t\t\t<div class=\"tribe-events-c-subscribe-dropdown\">\n\t\t\t\t\t<div class=\"tribe-common-c-btn-border tribe-events-c-subscribe-dropdown__button\">\n\t\t\t\t\t\t<svg\n\t class=\"tribe-common-c-svgicon tribe-common-c-svgicon--cal-export tribe-events-c-subscribe-dropdown__export-icon\" \taria-hidden=\"true\"\n\tviewBox=\"0 0 23 17\"\n\txmlns=\"http:\/\/www.w3.org\/2000\/svg\"\n>\n\t<path fill-rule=\"evenodd\" clip-rule=\"evenodd\" d=\"M.128.896V16.13c0 .211.145.383.323.383h15.354c.179 0 .323-.172.323-.383V.896c0-.212-.144-.383-.323-.383H.451C.273.513.128.684.128.896Zm16 6.742h-.901V4.679H1.009v10.729h14.218v-3.336h.901V7.638ZM1.01 1.614h14.218v2.058H1.009V1.614Z\" \/>\n\t<path d=\"M20.5 9.846H8.312M18.524 6.953l2.89 2.909-2.855 2.855\" stroke-width=\"1.2\" stroke-linecap=\"round\" stroke-linejoin=\"round\"\/>\n<\/svg>\n\t\t\t\t\t\t<button\n\t\t\t\t\t\t\tclass=\"tribe-events-c-subscribe-dropdown__button-text\"\n\t\t\t\t\t\t\taria-expanded=\"false\"\n\t\t\t\t\t\t\taria-controls=\"tribe-events-subscribe-dropdown-content\"\n\t\t\t\t\t\t\taria-label=\"Afficher les liens permettant d\u2019ajouter des \u00e9v\u00e8nements \u00e0 votre calendrier\"\n\t\t\t\t\t\t>\n\t\t\t\t\t\t\tAjouter au calendrier\t\t\t\t\t\t<\/button>\n\t\t\t\t\t\t<svg\n\t class=\"tribe-common-c-svgicon tribe-common-c-svgicon--caret-down tribe-events-c-subscribe-dropdown__button-icon\" \taria-hidden=\"true\"\n\tviewBox=\"0 0 10 7\"\n\txmlns=\"http:\/\/www.w3.org\/2000\/svg\"\n>\n\t<path fill-rule=\"evenodd\" clip-rule=\"evenodd\" d=\"M1.008.609L5 4.6 8.992.61l.958.958L5 6.517.05 1.566l.958-.958z\" class=\"tribe-common-c-svgicon__svg-fill\"\/>\n<\/svg>\n\t\t\t\t\t<\/div>\n\t\t\t\t\t<div id=\"tribe-events-subscribe-dropdown-content\" class=\"tribe-events-c-subscribe-dropdown__content\">\n\t\t\t\t\t\t<ul class=\"tribe-events-c-subscribe-dropdown__list\">\n\t\t\t\t\t\t\t\t\t\t\t\t\t\t\t<li class=\"tribe-events-c-subscribe-dropdown__list-item tribe-events-c-subscribe-dropdown__list-item--gcal\">\n\t\t\t\t\t\t\t\t\t<a\n\t\t\t\t\t\t\t\t\t\thref=\"https:\/\/www.google.com\/calendar\/event?action=TEMPLATE&#038;dates=20260221T000000\/20260222T235959&#038;text=N5P2%20%3A%C2%A0Massage%20q%C3%ACg%C5%8Dng%20g%C3%A9n%C3%A9ral%C2%A0%E2%80%93%20approfondissement%2C%20massage%20des%20points%20%C3%A9nerg%C3%A9tiques%2C%20massage%20de%20relaxation%20profonde%C2%A0d%E2%80%99un%20partenaire&#038;details=%3Cp%3ECe+s%C3%A9minaire+vous+propose+un+%3Cstrong%3Eapprofondissement+du+Massage+q%C3%ACg%C5%8Dng+g%C3%A9n%C3%A9ral%3C%2Fstrong%3E+vu+lors+du+pr%C3%A9c%C3%A9dent+s%C3%A9minaire+et+se+consacre+plus+sp%C3%A9cifiquement+au+massage+des+%3Cstrong%3Epoints+%C3%A9nerg%C3%A9tiques%3C%2Fstrong%3E%2C+ainsi+qu%27au+%3Cstrong%3Emassage+de+relaxation+profonde+d%E2%80%99un+partenaire%3C%2Fstrong%3E.+Il+s%27agit+de+poursuivre+l%27apprentissage+sur+soi+et+sur+autrui+du+sens+du+toucher%2C+et+d%27aller+r%C3%A9solument+de+ses+aspects+physiques+%3Cstrong%3Evers+ses+aspects+%C3%A9nerg%C3%A9tiques%3C%2Fstrong%3E.%3C%2Fp%3E+&#038;location=Centre%20Anima,%2031,%20rue%20de%20Maubeuge,%20PARIS,%2075009,%20France&#038;trp=false&#038;ctz=Europe\/Paris&#038;sprop=website:https:\/\/lecercleetlecarre.fr\"\n\t\t\t\t\t\t\t\t\t\tclass=\"tribe-events-c-subscribe-dropdown__list-item-link\"\n\t\t\t\t\t\t\t\t\t\ttarget=\"_blank\"\n\t\t\t\t\t\t\t\t\t\trel=\"noopener noreferrer nofollow noindex\"\n\t\t\t\t\t\t\t\t\t>\n\t\t\t\t\t\t\t\t\t\tGoogle Agenda\t\t\t\t\t\t\t\t\t<\/a>\n\t\t\t\t\t\t\t\t<\/li>\n\t\t\t\t\t\t\t\t\t\t\t\t\t\t\t<li class=\"tribe-events-c-subscribe-dropdown__list-item tribe-events-c-subscribe-dropdown__list-item--ical\">\n\t\t\t\t\t\t\t\t\t<a\n\t\t\t\t\t\t\t\t\t\thref=\"\"\n\t\t\t\t\t\t\t\t\t\tclass=\"tribe-events-c-subscribe-dropdown__list-item-link\"\n\t\t\t\t\t\t\t\t\t\ttarget=\"_blank\"\n\t\t\t\t\t\t\t\t\t\trel=\"noopener noreferrer nofollow noindex\"\n\t\t\t\t\t\t\t\t\t>\n\t\t\t\t\t\t\t\t\t\tiCalendar\t\t\t\t\t\t\t\t\t<\/a>\n\t\t\t\t\t\t\t\t<\/li>\n\t\t\t\t\t\t\t\t\t\t\t\t\t\t\t<li class=\"tribe-events-c-subscribe-dropdown__list-item tribe-events-c-subscribe-dropdown__list-item--outlook-365\">\n\t\t\t\t\t\t\t\t\t<a\n\t\t\t\t\t\t\t\t\t\thref=\"\"\n\t\t\t\t\t\t\t\t\t\tclass=\"tribe-events-c-subscribe-dropdown__list-item-link\"\n\t\t\t\t\t\t\t\t\t\ttarget=\"_blank\"\n\t\t\t\t\t\t\t\t\t\trel=\"noopener noreferrer nofollow noindex\"\n\t\t\t\t\t\t\t\t\t>\n\t\t\t\t\t\t\t\t\t\tOutlook 365\t\t\t\t\t\t\t\t\t<\/a>\n\t\t\t\t\t\t\t\t<\/li>\n\t\t\t\t\t\t\t\t\t\t\t\t\t\t\t<li class=\"tribe-events-c-subscribe-dropdown__list-item tribe-events-c-subscribe-dropdown__list-item--outlook-live\">\n\t\t\t\t\t\t\t\t\t<a\n\t\t\t\t\t\t\t\t\t\thref=\"\"\n\t\t\t\t\t\t\t\t\t\tclass=\"tribe-events-c-subscribe-dropdown__list-item-link\"\n\t\t\t\t\t\t\t\t\t\ttarget=\"_blank\"\n\t\t\t\t\t\t\t\t\t\trel=\"noopener noreferrer nofollow noindex\"\n\t\t\t\t\t\t\t\t\t>\n\t\t\t\t\t\t\t\t\t\tOutlook Live\t\t\t\t\t\t\t\t\t<\/a>\n\t\t\t\t\t\t\t\t<\/li>\n\t\t\t\t\t\t\t\t\t\t\t\t\t<\/ul>\n\t\t\t\t\t<\/div>\n\t\t\t\t<\/div>\n\t\t\t<\/div>\n\t\t<\/div>\n\t<\/div>\n\n","protected":false},"excerpt":{"rendered":"<p>Ce s\u00e9minaire vous propose un approfondissement du Massage q\u00ecg\u014dng g\u00e9n\u00e9ral vu lors du pr\u00e9c\u00e9dent s\u00e9minaire et se consacre plus sp\u00e9cifiquement au massage des points \u00e9nerg\u00e9tiques, ainsi qu&#8217;au massage de relaxation &hellip; <a href=\"https:\/\/lecercleetlecarre.fr\/index.php\/event\/n5p2-massage-qigong-general-approfondissement-massage-des-points-energetiques-massage-de-relaxation-profonde-dun-partenaire\/\" class=\"more-link\">Lire la suite de <span class=\"screen-reader-text\">N5P2 :\u00a0Massage q\u00ecg\u014dng g\u00e9n\u00e9ral\u00a0\u2013 approfondissement, massage des points \u00e9nerg\u00e9tiques, massage de relaxation profonde\u00a0d\u2019un partenaire<\/span><\/a><\/p>\n","protected":false},"author":3,"featured_media":0,"template":"","meta":{"_s2mail":"yes","_EventAllDay":true,"_EventTimezone":"Europe\/Paris","_EventStartDate":"2026-02-21 00:00:00","_EventEndDate":"2026-02-22 23:59:59","_EventStartDateUTC":"2026-02-20 23:00:00","_EventEndDateUTC":"2026-02-22 22:59:59","_EventShowMap":true,"_EventShowMapLink":true,"_EventURL":"","_EventCost":"180","_EventCostDescription":"","_EventCurrencySymbol":"\u20ac","_EventCurrencyCode":"USD","_EventCurrencyPosition":"suffix","_EventDateTimeSeparator":" \u00e0 ","_EventTimeRangeSeparator":" - ","_EventOrganizerID":[1165],"_EventVenueID":[1117],"_OrganizerEmail":"","_OrganizerPhone":"","_OrganizerWebsite":"","_VenueAddress":"","_VenueCity":"","_VenueCountry":"","_VenueProvince":"","_VenueState":"","_VenueZip":"","_VenuePhone":"","_VenueURL":"","_VenueStateProvince":"","_VenueLat":"","_VenueLng":"","_VenueShowMap":false,"_VenueShowMapLink":false,"_tribe_events_status":"","_tribe_events_status_reason":"","footnotes":""},"tags":[],"tribe_events_cat":[],"class_list":["post-3287","tribe_events","type-tribe_events","status-publish","hentry"],"_links":{"self":[{"href":"https:\/\/lecercleetlecarre.fr\/index.php\/wp-json\/wp\/v2\/tribe_events\/3287","targetHints":{"allow":["GET"]}}],"collection":[{"href":"https:\/\/lecercleetlecarre.fr\/index.php\/wp-json\/wp\/v2\/tribe_events"}],"about":[{"href":"https:\/\/lecercleetlecarre.fr\/index.php\/wp-json\/wp\/v2\/types\/tribe_events"}],"author":[{"embeddable":true,"href":"https:\/\/lecercleetlecarre.fr\/index.php\/wp-json\/wp\/v2\/users\/3"}],"version-history":[{"count":4,"href":"https:\/\/lecercleetlecarre.fr\/index.php\/wp-json\/wp\/v2\/tribe_events\/3287\/revisions"}],"predecessor-version":[{"id":5036,"href":"https:\/\/lecercleetlecarre.fr\/index.php\/wp-json\/wp\/v2\/tribe_events\/3287\/revisions\/5036"}],"wp:attachment":[{"href":"https:\/\/lecercleetlecarre.fr\/index.php\/wp-json\/wp\/v2\/media?parent=3287"}],"wp:term":[{"taxonomy":"post_tag","embeddable":true,"href":"https:\/\/lecercleetlecarre.fr\/index.php\/wp-json\/wp\/v2\/tags?post=3287"},{"taxonomy":"tribe_events_cat","embeddable":true,"href":"https:\/\/lecercleetlecarre.fr\/index.php\/wp-json\/wp\/v2\/tribe_events_cat?post=3287"}],"curies":[{"name":"wp","href":"https:\/\/api.w.org\/{rel}","templated":true}]}}

N5P2 : Massage qìgōng général – approfondissement, massage des points énergétiques, massage de relaxation profonde d’un partenaire

<div  class="tribe-events-schedule tribe-clearfix" >
	<p class="tribe-events-schedule__datetime">
		<span class="tribe-events-schedule__date tribe-events-schedule__date--start">
			21 février 2026		</span>

		
									<span class="tribe-events-schedule__separator tribe-events-schedule__separator--time">
					 &#8211; 				</span>
			
							<span class="tribe-events-schedule__date tribe-events-schedule__date--end">
					22 février 2026				</span>

				
			
						</p>
</div>



<p>Ce séminaire vous propose un <strong>approfondissement du Massage qìgōng général</strong> vu lors du précédent séminaire et se consacre plus spécifiquement au massage des <strong>points énergétiques</strong>, ainsi qu&#8217;au <strong>massage de relaxation profonde d’un partenaire</strong>. Il s&#8217;agit de poursuivre l&#8217;apprentissage sur soi et sur autrui du sens du toucher, et d&#8217;aller résolument de ses aspects physiques <strong>vers ses aspects énergétiques</strong>.</p>


<div  class="tribe-block tribe-block__event-price" >
			<span class="tribe-block__event-price__cost"> 180€ </span>
		</div>


<div  class="tribe-block tribe-block__organizer__details tribe-clearfix" >
	<div class="tribe-block__organizer__title">
		<h3>YMAA Paris Nord</h3>
	</div>
				<p class="tribe-block__organizer__website"><a href="https://lecercleetlecarre.fr" target="_blank" rel="noopener noreferrer">Voir le site Organisateur</a></p>
				<p class="tribe-block__organizer__email">co&#110;&#116;&#097;ct&#064;lecer&#099;le&#101;tlec&#097;&#114;&#114;e.fr</p>
	</div>


<div  class="tribe-block tribe-block__venue tribe-clearfix tribe-block__venue--has-map" >
	
	
<div class="tribe-block__venue__meta">
	<div class="tribe-block__venue__name">
		<h3>Centre Anima</h3>
	</div>

	
						<address class="tribe-block__venue__address">
				<span class="tribe-address">

<span class="tribe-street-address">31, rue de Maubeuge</span>
	
		<br>
		<span class="tribe-locality">PARIS</span><span class="tribe-delimiter">,</span>


	<span class="tribe-postal-code">75009</span>

	<span class="tribe-country-name">France</span>

</span>

									<a class="tribe-events-gmap" href="https://maps.google.com/maps?f=q&#038;source=s_q&#038;hl=en&#038;geocode=&#038;q=31%2C+rue+de+Maubeuge+PARIS+75009+France" title="Cliquez pour voir une carte Google Map" target="_blank" rel="noreferrer noopener">+ Google Map</a>							</address>
		
		
					<span class="tribe-block__venue__website"><a href="https://www.centreanima.com/" target="_self" rel="external">Voir Lieu site web</a></span><br />
			
	</div>
	
<div class="tribe-block__venue__map">
	
<iframe loading="lazy"
  title="L‘iframe Google maps affichant l’adresse à Centre Anima"
  aria-label="Plan des lieux"
  width="310px"
  height="256px"
  frameborder="0" style="border:0"
  src="https://www.google.com/maps/embed/v1/place?key=AIzaSyDNsicAsP6-VuGtAb1O9riI3oc_NOb7IOU&#038;q=31%2C+rue+de+Maubeuge+PARIS+75009+France+&#038;zoom=10" allowfullscreen>
</iframe>
</div>

	</div>




	<div  class="tribe-block tribe-block__events-link" >
		<div class="tribe-events tribe-common">
			<div class="tribe-events-c-subscribe-dropdown__container">
				<div class="tribe-events-c-subscribe-dropdown">
					<div class="tribe-common-c-btn-border tribe-events-c-subscribe-dropdown__button">
						<svg
	 class="tribe-common-c-svgicon tribe-common-c-svgicon--cal-export tribe-events-c-subscribe-dropdown__export-icon" 	aria-hidden="true"
	viewBox="0 0 23 17"
	xmlns="http://www.w3.org/2000/svg"
>
	<path fill-rule="evenodd" clip-rule="evenodd" d="M.128.896V16.13c0 .211.145.383.323.383h15.354c.179 0 .323-.172.323-.383V.896c0-.212-.144-.383-.323-.383H.451C.273.513.128.684.128.896Zm16 6.742h-.901V4.679H1.009v10.729h14.218v-3.336h.901V7.638ZM1.01 1.614h14.218v2.058H1.009V1.614Z" />
	<path d="M20.5 9.846H8.312M18.524 6.953l2.89 2.909-2.855 2.855" stroke-width="1.2" stroke-linecap="round" stroke-linejoin="round"/>
</svg>
						<button
							class="tribe-events-c-subscribe-dropdown__button-text"
							aria-expanded="false"
							aria-controls="tribe-events-subscribe-dropdown-content"
							aria-label="Afficher les liens permettant d’ajouter des évènements à votre calendrier"
						>
							Ajouter au calendrier						</button>
						<svg
	 class="tribe-common-c-svgicon tribe-common-c-svgicon--caret-down tribe-events-c-subscribe-dropdown__button-icon" 	aria-hidden="true"
	viewBox="0 0 10 7"
	xmlns="http://www.w3.org/2000/svg"
>
	<path fill-rule="evenodd" clip-rule="evenodd" d="M1.008.609L5 4.6 8.992.61l.958.958L5 6.517.05 1.566l.958-.958z" class="tribe-common-c-svgicon__svg-fill"/>
</svg>
					</div>
					<div id="tribe-events-subscribe-dropdown-content" class="tribe-events-c-subscribe-dropdown__content">
						<ul class="tribe-events-c-subscribe-dropdown__list">
															<li class="tribe-events-c-subscribe-dropdown__list-item tribe-events-c-subscribe-dropdown__list-item--gcal">
									<a
										href="https://www.google.com/calendar/event?action=TEMPLATE&#038;dates=20260221T000000/20260222T235959&#038;text=N5P2%20%3A%C2%A0Massage%20q%C3%ACg%C5%8Dng%20g%C3%A9n%C3%A9ral%C2%A0%E2%80%93%20approfondissement%2C%20massage%20des%20points%20%C3%A9nerg%C3%A9tiques%2C%20massage%20de%20relaxation%20profonde%C2%A0d%E2%80%99un%20partenaire&#038;details=%3Cp%3ECe+s%C3%A9minaire+vous+propose+un+%3Cstrong%3Eapprofondissement+du+Massage+q%C3%ACg%C5%8Dng+g%C3%A9n%C3%A9ral%3C%2Fstrong%3E+vu+lors+du+pr%C3%A9c%C3%A9dent+s%C3%A9minaire+et+se+consacre+plus+sp%C3%A9cifiquement+au+massage+des+%3Cstrong%3Epoints+%C3%A9nerg%C3%A9tiques%3C%2Fstrong%3E%2C+ainsi+qu%27au+%3Cstrong%3Emassage+de+relaxation+profonde+d%E2%80%99un+partenaire%3C%2Fstrong%3E.+Il+s%27agit+de+poursuivre+l%27apprentissage+sur+soi+et+sur+autrui+du+sens+du+toucher%2C+et+d%27aller+r%C3%A9solument+de+ses+aspects+physiques+%3Cstrong%3Evers+ses+aspects+%C3%A9nerg%C3%A9tiques%3C%2Fstrong%3E.%3C%2Fp%3E+&#038;location=Centre%20Anima,%2031,%20rue%20de%20Maubeuge,%20PARIS,%2075009,%20France&#038;trp=false&#038;ctz=Europe/Paris&#038;sprop=website:https://lecercleetlecarre.fr"
										class="tribe-events-c-subscribe-dropdown__list-item-link"
										target="_blank"
										rel="noopener noreferrer nofollow noindex"
									>
										Google Agenda									</a>
								</li>
															<li class="tribe-events-c-subscribe-dropdown__list-item tribe-events-c-subscribe-dropdown__list-item--ical">
									<a
										href=""
										class="tribe-events-c-subscribe-dropdown__list-item-link"
										target="_blank"
										rel="noopener noreferrer nofollow noindex"
									>
										iCalendar									</a>
								</li>
															<li class="tribe-events-c-subscribe-dropdown__list-item tribe-events-c-subscribe-dropdown__list-item--outlook-365">
									<a
										href=""
										class="tribe-events-c-subscribe-dropdown__list-item-link"
										target="_blank"
										rel="noopener noreferrer nofollow noindex"
									>
										Outlook 365									</a>
								</li>
															<li class="tribe-events-c-subscribe-dropdown__list-item tribe-events-c-subscribe-dropdown__list-item--outlook-live">
									<a
										href=""
										class="tribe-events-c-subscribe-dropdown__list-item-link"
										target="_blank"
										rel="noopener noreferrer nofollow noindex"
									>
										Outlook Live									</a>
								</li>
													</ul>
					</div>
				</div>
			</div>
		</div>
	</div>

<p>Ce séminaire vous propose un approfondissement du Massage qìgōng général vu lors du précédent séminaire et se consacre plus spécifiquement au massage des points énergétiques, ainsi qu&#8217;au massage de relaxation &hellip; <a href="https://lecercleetlecarre.fr/index.php/event/n5p2-massage-qigong-general-approfondissement-massage-des-points-energetiques-massage-de-relaxation-profonde-dun-partenaire/" class="more-link">Lire la suite de <span class="screen-reader-text">N5P2 : Massage qìgōng général – approfondissement, massage des points énergétiques, massage de relaxation profonde d’un partenaire</span></a></p>

à
